CRAN Package Check Results for Package gdpc

Last updated on 2025-11-11 02:50:41 CET.

Flavor Version Tinstall Tcheck Ttotal Status Flags
r-devel-linux-x86_64-debian-clang 1.1.4 27.48 50.54 78.02 NOTE
r-devel-linux-x86_64-debian-gcc 1.1.4 18.92 39.91 58.83 NOTE
r-devel-linux-x86_64-fedora-clang 1.1.4 115.00 20.23 135.23 OK
r-devel-linux-x86_64-fedora-gcc 1.1.4 51.00 84.59 135.59 OK
r-devel-windows-x86_64 1.1.4 34.00 111.00 145.00 OK
r-patched-linux-x86_64 1.1.4 29.41 48.89 78.30 OK
r-release-linux-x86_64 1.1.4 27.00 48.87 75.87 OK
r-release-macos-arm64 1.1.4 10.00 48.00 58.00 OK
r-release-macos-x86_64 1.1.4 18.00 66.00 84.00 OK
r-release-windows-x86_64 1.1.4 33.00 108.00 141.00 OK
r-oldrel-macos-arm64 1.1.4 10.00 39.00 49.00 OK
r-oldrel-macos-x86_64 1.1.4 14.00 57.00 71.00 OK
r-oldrel-windows-x86_64 1.1.4 40.00 128.00 168.00 OK

Check Details

Version: 1.1.4
Check: CRAN incoming feasibility
Result: NOTE Maintainer: ‘Ezequiel Smucler <ezequiels.90@gmail.com>’ No Authors@R field in DESCRIPTION. Please add one, modifying Authors@R: c(person(given = "Daniel", family = "Peña", role = "aut", email = "daniel.pena@uc3m.es"), person(given = "Ezequiel", family = "Smucler", role = c("aut", "cre"), email = "ezequiels.90@gmail.com"), person(given = "Victor", family = "Yohai", role = "aut", email = "vyohai@dm.uba.ar")) as necessary. Flavors: r-devel-linux-x86_64-debian-clang, r-devel-linux-x86_64-debian-gcc