CRAN Package Check Results for Package genetic.algo.optimizeR

Last updated on 2025-04-29 01:49:33 CEST.

Flavor Version Tinstall Tcheck Ttotal Status Flags
r-devel-linux-x86_64-debian-clang 0.3.3 8.58 85.09 93.67 NOTE
r-devel-linux-x86_64-debian-gcc 0.3.3 5.93 67.60 73.53 NOTE
r-devel-linux-x86_64-fedora-clang 0.3.3 162.59 NOTE
r-devel-linux-x86_64-fedora-gcc 0.3.3 151.97 NOTE
r-devel-windows-x86_64 0.3.3 11.00 98.00 109.00 NOTE
r-patched-linux-x86_64 0.3.3 8.18 87.86 96.04 NOTE
r-release-linux-x86_64 0.3.3 9.03 87.61 96.64 NOTE
r-release-macos-arm64 0.3.3 51.00 NOTE
r-release-macos-x86_64 0.3.3 65.00 OK
r-release-windows-x86_64 0.3.3 11.00 101.00 112.00 NOTE
r-oldrel-macos-arm64 0.3.3 53.00 OK
r-oldrel-macos-x86_64 0.3.3 93.00 OK
r-oldrel-windows-x86_64 0.3.3 15.00 120.00 135.00 OK

Check Details

Version: 0.3.3
Check: DESCRIPTION meta-information
Result: NOTE Missing dependency on R >= 4.2.0 because package code uses the pipe placeholder syntax added in R 4.2.0. File(s) using such syntax: ‘crossover.R’ ‘initialize_population.R’ ‘mutation.R’ Flavors: r-devel-linux-x86_64-debian-clang, r-devel-linux-x86_64-debian-gcc, r-devel-linux-x86_64-fedora-clang, r-devel-linux-x86_64-fedora-gcc, r-devel-windows-x86_64, r-patched-linux-x86_64, r-release-linux-x86_64, r-release-macos-arm64, r-release-windows-x86_64