Last updated on 2024-05-21 02:02:03 CEST.
Flavor | Version | Tinstall | Tcheck | Ttotal | Status | Flags |
---|---|---|---|---|---|---|
r-devel-linux-x86_64-debian-clang | 0.1.0 | 4.00 | 43.93 | 47.93 | NOTE | |
r-devel-linux-x86_64-debian-gcc | 0.1.0 | 3.31 | 33.32 | 36.63 | NOTE | |
r-devel-linux-x86_64-fedora-clang | 0.1.0 | 62.55 | NOTE | |||
r-devel-linux-x86_64-fedora-gcc | 0.1.0 | 56.92 | NOTE | |||
r-devel-windows-x86_64 | 0.1.0 | 5.00 | 53.00 | 58.00 | NOTE | |
r-patched-linux-x86_64 | 0.1.0 | 5.03 | 42.22 | 47.25 | NOTE | |
r-release-linux-x86_64 | 0.1.0 | 4.40 | 41.99 | 46.39 | NOTE | |
r-release-macos-arm64 | 0.1.0 | 22.00 | NOTE | |||
r-release-windows-x86_64 | 0.1.0 | 6.00 | 55.00 | 61.00 | NOTE | |
r-oldrel-macos-arm64 | 0.1.0 | 24.00 | NOTE | |||
r-oldrel-macos-x86_64 | 0.1.0 | 33.00 | NOTE | |||
r-oldrel-windows-x86_64 | 0.1.0 | 6.00 | 59.00 | 65.00 | NOTE |
Version: 0.1.0
Check: LazyData
Result: NOTE
'LazyData' is specified without a 'data' directory
Flavors: r-devel-linux-x86_64-debian-clang, r-devel-linux-x86_64-debian-gcc, r-devel-linux-x86_64-fedora-clang, r-devel-linux-x86_64-fedora-gcc, r-devel-windows-x86_64, r-patched-linux-x86_64, r-release-linux-x86_64, r-release-macos-arm64, r-release-windows-x86_64, r-oldrel-macos-arm64, r-oldrel-macos-x86_64, r-oldrel-windows-x86_64
Version: 0.1.0
Check: dependencies in R code
Result: NOTE
Namespace in Imports field not imported from: ‘tibble’
All declared Imports should be used.
Flavors: r-devel-linux-x86_64-fedora-clang, r-devel-linux-x86_64-fedora-gcc