Last updated on 2025-05-06 02:50:19 CEST.
Flavor | Version | Tinstall | Tcheck | Ttotal | Status | Flags |
---|---|---|---|---|---|---|
r-devel-linux-x86_64-debian-clang | 0.9.1 | 353.78 | 1219.93 | 1573.71 | OK | |
r-devel-linux-x86_64-debian-gcc | 0.9.1 | 219.12 | 788.44 | 1007.56 | OK | |
r-devel-linux-x86_64-fedora-clang | 0.9.1 | 2657.59 | OK | |||
r-devel-linux-x86_64-fedora-gcc | 0.9.1 | 2789.18 | OK | |||
r-devel-windows-x86_64 | 0.9.1 | 332.00 | 1228.00 | 1560.00 | OK | |
r-patched-linux-x86_64 | 0.9.1 | 368.81 | 1208.83 | 1577.64 | OK | |
r-release-linux-x86_64 | 0.9.1 | 360.45 | 1221.26 | 1581.71 | OK | |
r-release-macos-arm64 | 0.9.1 | 845.00 | OK | |||
r-release-macos-x86_64 | 0.9.1 | 973.00 | OK | |||
r-release-windows-x86_64 | 0.9.1 | 353.00 | 1208.00 | 1561.00 | OK | |
r-oldrel-macos-arm64 | 0.9.1 | 712.00 | NOTE | |||
r-oldrel-macos-x86_64 | 0.9.1 | 1099.00 | NOTE | |||
r-oldrel-windows-x86_64 | 0.9.1 | 477.00 | 1640.00 | 2117.00 | NOTE |
Version: 0.9.1
Check: installed package size
Result: NOTE
installed size is 23.5Mb
sub-directories of 1Mb or more:
R 13.0Mb
extdata 6.3Mb
help 4.1Mb
Flavors: r-oldrel-macos-arm64, r-oldrel-macos-x86_64, r-oldrel-windows-x86_64