Last updated on 2025-05-09 01:50:05 CEST.
Flavor | Version | Tinstall | Tcheck | Ttotal | Status | Flags |
---|---|---|---|---|---|---|
r-devel-linux-x86_64-debian-clang | 0.1.1 | 6.90 | 101.21 | 108.11 | NOTE | |
r-devel-linux-x86_64-debian-gcc | 0.1.1 | 5.97 | 70.69 | 76.66 | NOTE | |
r-devel-linux-x86_64-fedora-clang | 0.1.1 | 186.89 | OK | |||
r-devel-linux-x86_64-fedora-gcc | 0.1.1 | 177.95 | OK | |||
r-devel-windows-x86_64 | 0.1.1 | 8.00 | 106.00 | 114.00 | OK | |
r-patched-linux-x86_64 | 0.1.1 | 8.72 | 97.61 | 106.33 | OK | |
r-release-linux-x86_64 | 0.1.1 | 6.74 | 97.32 | 104.06 | OK | |
r-release-macos-arm64 | 0.1.1 | 59.00 | OK | |||
r-release-macos-x86_64 | 0.1.1 | 101.00 | OK | |||
r-release-windows-x86_64 | 0.1.1 | 8.00 | 109.00 | 117.00 | OK | |
r-oldrel-macos-arm64 | 0.1.1 | 54.00 | OK | |||
r-oldrel-macos-x86_64 | 0.1.1 | 84.00 | OK | |||
r-oldrel-windows-x86_64 | 0.1.1 | 11.00 | 136.00 | 147.00 | OK |
Version: 0.1.1
Check: CRAN incoming feasibility
Result: NOTE
Maintainer: ‘Tino Werner <tino.werner1@uni-oldenburg.de>’
Package CITATION file contains call(s) to old-style personList() or
as.personList(). Please use c() on person objects instead.
Package CITATION file contains call(s) to old-style citEntry(). Please
use bibentry() instead.
Flavors: r-devel-linux-x86_64-debian-clang, r-devel-linux-x86_64-debian-gcc