Last updated on 2025-05-09 01:50:05 CEST.
Flavor | Version | Tinstall | Tcheck | Ttotal | Status | Flags |
---|---|---|---|---|---|---|
r-devel-linux-x86_64-debian-clang | 0.8 | 6.12 | 61.87 | 67.99 | NOTE | |
r-devel-linux-x86_64-debian-gcc | 0.8 | 3.82 | 43.17 | 46.99 | NOTE | |
r-devel-linux-x86_64-fedora-clang | 0.8 | 102.21 | NOTE | |||
r-devel-linux-x86_64-fedora-gcc | 0.8 | 106.93 | NOTE | |||
r-devel-windows-x86_64 | 0.8 | 8.00 | 74.00 | 82.00 | NOTE | |
r-patched-linux-x86_64 | 0.8 | 5.95 | 57.36 | 63.31 | NOTE | |
r-release-linux-x86_64 | 0.8 | 5.18 | 57.55 | 62.73 | NOTE | |
r-release-macos-arm64 | 0.8 | 49.00 | NOTE | |||
r-release-macos-x86_64 | 0.8 | 58.00 | NOTE | |||
r-release-windows-x86_64 | 0.8 | 7.00 | 75.00 | 82.00 | NOTE | |
r-oldrel-macos-arm64 | 0.8 | 29.00 | OK | |||
r-oldrel-macos-x86_64 | 0.8 | 46.00 | OK | |||
r-oldrel-windows-x86_64 | 0.8 | 10.00 | 89.00 | 99.00 | OK |
Version: 0.8
Check: DESCRIPTION meta-information
Result: NOTE
Missing dependency on R >= 4.1.0 because package code uses the pipe
|> or function shorthand \(...) syntax added in R 4.1.0.
File(s) using such syntax:
‘girder_experiment.Rd’
Flavors: r-devel-linux-x86_64-debian-clang, r-devel-linux-x86_64-debian-gcc, r-devel-linux-x86_64-fedora-clang, r-devel-linux-x86_64-fedora-gcc, r-devel-windows-x86_64, r-patched-linux-x86_64, r-release-linux-x86_64, r-release-macos-arm64, r-release-macos-x86_64, r-release-windows-x86_64