Last updated on 2025-02-19 01:50:50 CET.
Flavor | Version | Tinstall | Tcheck | Ttotal | Status | Flags |
---|---|---|---|---|---|---|
r-devel-linux-x86_64-debian-clang | 0.1.1 | 5.62 | 50.74 | 56.36 | NOTE | |
r-devel-linux-x86_64-debian-gcc | 0.1.1 | 4.07 | 35.05 | 39.12 | NOTE | |
r-devel-linux-x86_64-fedora-clang | 0.1.1 | 93.32 | NOTE | |||
r-devel-linux-x86_64-fedora-gcc | 0.1.1 | 82.76 | NOTE | |||
r-devel-macos-arm64 | 0.1.1 | 28.00 | OK | |||
r-devel-macos-x86_64 | 0.1.1 | 48.00 | NOTE | |||
r-devel-windows-x86_64 | 0.1.1 | 7.00 | 71.00 | 78.00 | NOTE | |
r-patched-linux-x86_64 | 0.1.1 | 5.30 | 45.65 | 50.95 | OK | |
r-release-linux-x86_64 | 0.1.1 | 5.31 | 46.21 | 51.52 | OK | |
r-release-macos-arm64 | 0.1.1 | 32.00 | OK | |||
r-release-macos-x86_64 | 0.1.1 | 43.00 | OK | |||
r-release-windows-x86_64 | 0.1.1 | 8.00 | 63.00 | 71.00 | OK | |
r-oldrel-macos-arm64 | 0.1.1 | 33.00 | OK | |||
r-oldrel-macos-x86_64 | 0.1.1 | 67.00 | OK | |||
r-oldrel-windows-x86_64 | 0.1.1 | 10.00 | 84.00 | 94.00 | OK |
Version: 0.1.1
Check: DESCRIPTION meta-information
Result: NOTE
Missing dependency on R >= 4.1.0 because package code uses the pipe
|> or function shorthand \(...) syntax added in R 4.1.0.
File(s) using such syntax:
‘Scatter_ridges_function.R’
Flavors: r-devel-linux-x86_64-debian-clang, r-devel-linux-x86_64-debian-gcc, r-devel-linux-x86_64-fedora-clang, r-devel-linux-x86_64-fedora-gcc, r-devel-macos-x86_64, r-devel-windows-x86_64