Last updated on 2025-10-25 01:51:01 CEST.
| Flavor | Version | Tinstall | Tcheck | Ttotal | Status | Flags |
|---|---|---|---|---|---|---|
| r-devel-linux-x86_64-debian-clang | 0.3.2 | 8.84 | 63.90 | 72.74 | NOTE | |
| r-devel-linux-x86_64-debian-gcc | 0.3.2 | 6.51 | 43.12 | 49.63 | NOTE | |
| r-devel-linux-x86_64-fedora-clang | 0.3.2 | 19.00 | 88.01 | 107.01 | NOTE | |
| r-devel-linux-x86_64-fedora-gcc | 0.3.2 | 17.00 | 79.38 | 96.38 | NOTE | |
| r-devel-windows-x86_64 | 0.3.2 | 11.00 | 74.00 | 85.00 | NOTE | |
| r-patched-linux-x86_64 | 0.3.2 | 7.37 | 58.49 | 65.86 | NOTE | |
| r-release-linux-x86_64 | 0.3.2 | 7.90 | 57.72 | 65.62 | NOTE | |
| r-release-macos-arm64 | 0.3.2 | 4.00 | 26.00 | 30.00 | NOTE | |
| r-release-macos-x86_64 | 0.3.2 | 7.00 | 47.00 | 54.00 | NOTE | |
| r-release-windows-x86_64 | 0.3.2 | 11.00 | 75.00 | 86.00 | NOTE | |
| r-oldrel-macos-arm64 | 0.3.2 | 3.00 | 28.00 | 31.00 | OK | |
| r-oldrel-macos-x86_64 | 0.3.2 | 9.00 | 52.00 | 61.00 | OK | |
| r-oldrel-windows-x86_64 | 0.3.2 | 14.00 | 93.00 | 107.00 | OK |
Version: 0.3.2
Check: DESCRIPTION meta-information
Result: NOTE
Missing dependency on R >= 4.1.0 because package code uses the pipe
|> or function shorthand \(...) syntax added in R 4.1.0.
File(s) using such syntax:
‘geometrical_data_analysis.R’ ‘ggmca.Rd’ ‘ggmca_with_base_ref.Rd’
‘ggpca_3d.Rd’ ‘ggpca_cor_circle.Rd’ ‘pca_interpret.Rd’ ‘utils.R’
Flavors: r-devel-linux-x86_64-debian-clang, r-devel-linux-x86_64-debian-gcc, r-devel-linux-x86_64-fedora-clang, r-devel-linux-x86_64-fedora-gcc, r-devel-windows-x86_64, r-patched-linux-x86_64, r-release-linux-x86_64, r-release-macos-arm64, r-release-windows-x86_64
Version: 0.3.2
Check: DESCRIPTION meta-information
Result: NOTE
Missing dependency on R >= 4.1.0 because package code uses the pipe
|> or function shorthand \(...) syntax added in R 4.1.0.
File(s) using such syntax:
‘geometrical_data_analysis.R’ ‘utils.R’
Flavor: r-release-macos-x86_64