Last updated on 2025-05-03 01:50:59 CEST.
Flavor | Version | Tinstall | Tcheck | Ttotal | Status | Flags |
---|---|---|---|---|---|---|
r-devel-linux-x86_64-debian-clang | 1.0.0 | 5.64 | 64.52 | 70.16 | OK | |
r-devel-linux-x86_64-debian-gcc | 1.0.0 | 4.22 | 46.14 | 50.36 | OK | |
r-devel-linux-x86_64-fedora-clang | 1.0.0 | 95.78 | OK | |||
r-devel-linux-x86_64-fedora-gcc | 1.0.0 | 109.44 | OK | |||
r-devel-windows-x86_64 | 1.0.0 | 7.00 | 74.00 | 81.00 | OK | |
r-patched-linux-x86_64 | 1.0.0 | 5.25 | 58.93 | 64.18 | OK | |
r-release-linux-x86_64 | OK | |||||
r-release-macos-arm64 | 1.0.0 | 69.00 | OK | |||
r-release-macos-x86_64 | 1.0.0 | 71.00 | OK | |||
r-release-windows-x86_64 | 1.0.0 | 7.00 | 72.00 | 79.00 | OK | |
r-oldrel-macos-arm64 | 1.0.0 | 36.00 | NOTE | |||
r-oldrel-macos-x86_64 | 1.0.0 | 56.00 | NOTE | |||
r-oldrel-windows-x86_64 | 1.0.0 | 8.00 | 87.00 | 95.00 | NOTE |
Version: 1.0.0
Check: LazyData
Result: NOTE
'LazyData' is specified without a 'data' directory
Flavors: r-oldrel-macos-arm64, r-oldrel-macos-x86_64, r-oldrel-windows-x86_64