Last updated on 2025-11-15 03:50:12 CET.
| Flavor | Version | Tinstall | Tcheck | Ttotal | Status | Flags |
|---|---|---|---|---|---|---|
| r-devel-linux-x86_64-debian-clang | 0.2.0 | 169.82 | 42.79 | 212.61 | OK | |
| r-devel-linux-x86_64-debian-gcc | 0.2.0 | 132.16 | 32.06 | 164.22 | OK | |
| r-devel-linux-x86_64-fedora-clang | 0.2.0 | 326.00 | 26.19 | 352.19 | NOTE | |
| r-devel-linux-x86_64-fedora-gcc | 0.2.0 | 167.00 | 150.21 | 317.21 | NOTE | |
| r-devel-windows-x86_64 | 0.2.0 | 416.00 | 72.00 | 488.00 | OK | |
| r-patched-linux-x86_64 | 0.2.0 | 165.47 | 39.23 | 204.70 | OK | |
| r-release-linux-x86_64 | 0.2.0 | 167.30 | 38.68 | 205.98 | OK | |
| r-release-macos-arm64 | 0.2.0 | 92.00 | 24.00 | 116.00 | OK | |
| r-release-macos-x86_64 | 0.2.0 | 72.00 | 37.00 | 109.00 | OK | |
| r-release-windows-x86_64 | 0.2.0 | 322.00 | 73.00 | 395.00 | OK | |
| r-oldrel-macos-arm64 | 0.2.0 | 80.00 | 27.00 | 107.00 | OK | |
| r-oldrel-macos-x86_64 | 0.2.0 | 76.00 | 44.00 | 120.00 | OK | |
| r-oldrel-windows-x86_64 | 0.2.0 | 328.00 | 87.00 | 415.00 | OK |
Version: 0.2.0
Check: dependencies in R code
Result: NOTE
Namespace in Imports field not imported from: ‘vdiffr’
All declared Imports should be used.
Flavors: r-devel-linux-x86_64-fedora-clang, r-devel-linux-x86_64-fedora-gcc