CRAN Package Check Results for Package ggmapcn

Last updated on 2025-05-01 01:49:32 CEST.

Flavor Version Tinstall Tcheck Ttotal Status Flags
r-devel-linux-x86_64-debian-clang 0.1.2 26.96 279.55 306.51 NOTE
r-devel-linux-x86_64-debian-gcc 0.1.2 15.33 190.63 205.96 OK
r-devel-linux-x86_64-fedora-clang 0.1.2 539.57 OK
r-devel-linux-x86_64-fedora-gcc 0.1.2 521.71 OK
r-devel-windows-x86_64 0.1.2 24.00 452.00 476.00 OK
r-patched-linux-x86_64 0.1.2 26.30 283.56 309.86 OK
r-release-linux-x86_64 0.1.2 26.01 284.94 310.95 OK
r-release-macos-arm64 0.1.2 137.00 OK
r-release-macos-x86_64 0.1.2 311.00 OK
r-release-windows-x86_64 0.1.2 23.00 449.00 472.00 OK
r-oldrel-macos-arm64 0.1.2 146.00 OK
r-oldrel-macos-x86_64 0.1.2 276.00 OK
r-oldrel-windows-x86_64 0.1.2 29.00 492.00 521.00 OK

Check Details

Version: 0.1.2
Check: examples
Result: NOTE Examples with CPU (user + system) or elapsed time > 5s user system elapsed coord_proj 6.538 0.236 7.893 Flavor: r-devel-linux-x86_64-debian-clang

Version: 0.1.2
Check: examples
Result: NA user system elapsed coord_proj 4.402 0.261 5.148 OK Flavor: r-devel-linux-x86_64-debian-gcc