Last updated on 2025-04-30 01:50:21 CEST.
Flavor | Version | Tinstall | Tcheck | Ttotal | Status | Flags |
---|---|---|---|---|---|---|
r-devel-linux-x86_64-debian-clang | 1.0.2 | 5.50 | 49.95 | 55.45 | OK | |
r-devel-linux-x86_64-debian-gcc | 1.0.2 | 3.87 | 36.09 | 39.96 | OK | |
r-devel-linux-x86_64-fedora-clang | 1.0.2 | 89.74 | ERROR | |||
r-devel-linux-x86_64-fedora-gcc | 1.0.2 | 73.59 | OK | |||
r-devel-windows-x86_64 | 1.0.2 | 8.00 | 67.00 | 75.00 | OK | |
r-patched-linux-x86_64 | 1.0.2 | 5.23 | 46.59 | 51.82 | OK | |
r-release-linux-x86_64 | 1.0.2 | 4.79 | 46.27 | 51.06 | OK | |
r-release-macos-arm64 | 1.0.2 | 30.00 | OK | |||
r-release-macos-x86_64 | 1.0.2 | 44.00 | OK | |||
r-release-windows-x86_64 | 1.0.2 | 7.00 | 68.00 | 75.00 | OK | |
r-oldrel-macos-arm64 | 1.0.2 | 28.00 | OK | |||
r-oldrel-macos-x86_64 | 1.0.2 | 71.00 | OK | |||
r-oldrel-windows-x86_64 | 1.0.2 | 8.00 | 76.00 | 84.00 | OK |
Version: 1.0.2
Check: tests
Result: ERROR
Running ‘testthat.R’ [5s/24s]
Running the tests in ‘tests/testthat.R’ failed.
Complete output:
> library(testthat)
> library(ggpath)
>
> test_check("ggpath")
free(): double free detected in tcache 2
Flavor: r-devel-linux-x86_64-fedora-clang