Last updated on 2025-05-01 01:49:32 CEST.
Flavor | Version | Tinstall | Tcheck | Ttotal | Status | Flags |
---|---|---|---|---|---|---|
r-devel-linux-x86_64-debian-clang | 1.1.4 | 8.02 | 161.41 | 169.43 | NOTE | |
r-devel-linux-x86_64-debian-gcc | 1.1.4 | 5.72 | 105.50 | 111.22 | OK | |
r-devel-linux-x86_64-fedora-clang | 1.1.4 | 246.24 | OK | |||
r-devel-linux-x86_64-fedora-gcc | 1.1.4 | 246.53 | OK | |||
r-devel-windows-x86_64 | 1.1.4 | 12.00 | 142.00 | 154.00 | OK | |
r-patched-linux-x86_64 | 1.1.4 | 9.51 | 148.22 | 157.73 | OK | |
r-release-linux-x86_64 | 1.1.4 | 8.04 | 147.87 | 155.91 | OK | |
r-release-macos-arm64 | 1.1.4 | 84.00 | OK | |||
r-release-macos-x86_64 | 1.1.4 | 133.00 | OK | |||
r-release-windows-x86_64 | 1.1.4 | 11.00 | 145.00 | 156.00 | OK | |
r-oldrel-macos-arm64 | 1.1.4 | 70.00 | OK | |||
r-oldrel-macos-x86_64 | 1.1.4 | 141.00 | OK | |||
r-oldrel-windows-x86_64 | 1.1.4 | 13.00 | 185.00 | 198.00 | OK |
Version: 1.1.4
Check: examples
Result: NOTE
Examples with CPU (user + system) or elapsed time > 5s
user system elapsed
scale_pattern_manual 0.823 0.007 6.982
scale_pattern_colour_continuous 0.444 0.031 7.046
Flavor: r-devel-linux-x86_64-debian-clang