Last updated on 2025-10-22 01:51:26 CEST.
Flavor | Version | Tinstall | Tcheck | Ttotal | Status | Flags |
---|---|---|---|---|---|---|
r-devel-linux-x86_64-debian-clang | 1.0.3 | 7.45 | 69.73 | 77.18 | NOTE | |
r-devel-linux-x86_64-debian-gcc | 1.0.3 | 4.46 | 50.61 | 55.07 | NOTE | |
r-devel-linux-x86_64-fedora-clang | 1.0.3 | 17.00 | 96.47 | 113.47 | OK | |
r-devel-linux-x86_64-fedora-gcc | 1.0.3 | 14.00 | 99.59 | 113.59 | OK | |
r-devel-windows-x86_64 | 1.0.3 | 8.00 | 76.00 | 84.00 | OK | |
r-patched-linux-x86_64 | 1.0.3 | 6.39 | 62.79 | 69.18 | OK | |
r-release-linux-x86_64 | 1.0.3 | 5.67 | 62.45 | 68.12 | OK | |
r-release-macos-arm64 | 1.0.3 | 3.00 | 43.00 | 46.00 | OK | |
r-release-macos-x86_64 | 1.0.3 | 5.00 | 56.00 | 61.00 | OK | |
r-release-windows-x86_64 | 1.0.3 | 10.00 | 79.00 | 89.00 | OK | |
r-oldrel-macos-arm64 | 1.0.3 | 2.00 | 32.00 | 34.00 | OK | |
r-oldrel-macos-x86_64 | 1.0.3 | 4.00 | 48.00 | 52.00 | OK | |
r-oldrel-windows-x86_64 | 1.0.3 | 13.00 | 98.00 | 111.00 | OK |
Version: 1.0.3
Check: HTML version of manual
Result: NOTE
Found the following HTML validation problems:
get_period.html:46:1 (get_period.Rd:10): Warning: missing </ul> before </div>
is.periodic.html:46:1 (is.periodic.Rd:10): Warning: missing </ul> before </div>
Flavors: r-devel-linux-x86_64-debian-clang, r-devel-linux-x86_64-debian-gcc