Last updated on 2024-05-21 02:02:03 CEST.
Flavor | Version | Tinstall | Tcheck | Ttotal | Status | Flags |
---|---|---|---|---|---|---|
r-devel-linux-x86_64-debian-clang | 0.12.3 | 9.90 | 151.98 | 161.88 | OK | |
r-devel-linux-x86_64-debian-gcc | 0.12.3 | 7.90 | 110.43 | 118.33 | OK | |
r-devel-linux-x86_64-fedora-clang | 0.12.3 | 207.93 | OK | |||
r-devel-linux-x86_64-fedora-gcc | 0.12.3 | 195.69 | OK | |||
r-devel-windows-x86_64 | 0.12.3 | 13.00 | 134.00 | 147.00 | OK | |
r-patched-linux-x86_64 | 0.12.3 | 14.38 | 143.22 | 157.60 | OK | |
r-release-linux-x86_64 | 0.12.3 | 8.00 | 142.94 | 150.94 | NOTE | |
r-release-macos-arm64 | 0.12.3 | 69.00 | OK | |||
r-release-macos-x86_64 | 0.12.3 | 119.00 | OK | |||
r-release-windows-x86_64 | 0.12.3 | 13.00 | 130.00 | 143.00 | OK | |
r-oldrel-macos-arm64 | 0.12.3 | 118.00 | OK | |||
r-oldrel-macos-x86_64 | 0.12.3 | 185.00 | OK | |||
r-oldrel-windows-x86_64 | 0.12.3 | 16.00 | 240.00 | 256.00 | OK |
Version: 0.12.3
Check: package dependencies
Result: NOTE
Package suggested but not available for checking: ‘metaBMA’
Flavor: r-release-linux-x86_64