Last updated on 2024-05-21 02:02:03 CEST.
Flavor | Version | Tinstall | Tcheck | Ttotal | Status | Flags |
---|---|---|---|---|---|---|
r-devel-linux-x86_64-debian-clang | 0.8.1 | 1749.62 | 214.58 | 1964.20 | NOTE | |
r-devel-linux-x86_64-debian-gcc | 0.8.1 | 1642.91 | 269.65 | 1912.56 | NOTE | |
r-devel-linux-x86_64-fedora-clang | 0.8.1 | 2316.50 | NOTE | |||
r-devel-linux-x86_64-fedora-gcc | 0.8.1 | 3589.12 | NOTE | |||
r-devel-windows-x86_64 | 0.8.1 | 1301.00 | 291.00 | 1592.00 | NOTE | |
r-patched-linux-x86_64 | 0.8.1 | 1458.26 | 340.42 | 1798.68 | NOTE | |
r-release-linux-x86_64 | 0.8.1 | 0.01 | 3.32 | 3.33 | ERROR | |
r-release-macos-arm64 | 0.8.1 | 541.00 | NOTE | |||
r-release-macos-x86_64 | 0.8.1 | 531.00 | NOTE | |||
r-release-windows-x86_64 | 0.8.1 | 1290.00 | 286.00 | 1576.00 | NOTE | |
r-oldrel-macos-arm64 | 0.8.1 | 577.00 | NOTE | |||
r-oldrel-macos-x86_64 | 0.8.1 | 553.00 | NOTE | |||
r-oldrel-windows-x86_64 | 0.8.1 | 1730.00 | 354.00 | 2084.00 | NOTE |
Version: 0.8.1
Check: for GNU extensions in Makefiles
Result: NOTE
GNU make is a SystemRequirements.
Flavors: r-devel-linux-x86_64-debian-clang, r-devel-linux-x86_64-debian-gcc, r-devel-linux-x86_64-fedora-clang, r-devel-linux-x86_64-fedora-gcc, r-devel-windows-x86_64, r-patched-linux-x86_64, r-release-macos-arm64, r-release-macos-x86_64, r-release-windows-x86_64, r-oldrel-macos-arm64, r-oldrel-macos-x86_64, r-oldrel-windows-x86_64
Version: 0.8.1
Check: installed package size
Result: NOTE
installed size is 11.4Mb
sub-directories of 1Mb or more:
libs 10.0Mb
Flavors: r-devel-linux-x86_64-fedora-clang, r-devel-windows-x86_64, r-release-macos-arm64, r-release-macos-x86_64, r-release-windows-x86_64, r-oldrel-macos-arm64, r-oldrel-macos-x86_64, r-oldrel-windows-x86_64
Version: 0.8.1
Check: whether package can be installed
Result: ERROR
Installation failed.
Flavor: r-release-linux-x86_64