Last updated on 2025-02-20 01:50:34 CET.
Flavor | Version | Tinstall | Tcheck | Ttotal | Status | Flags |
---|---|---|---|---|---|---|
r-devel-linux-x86_64-debian-clang | 4.1-8 | 91.40 | 231.60 | 323.00 | NOTE | |
r-devel-linux-x86_64-debian-gcc | 4.1-8 | 75.83 | 165.43 | 241.26 | NOTE | |
r-devel-linux-x86_64-fedora-clang | 4.1-8 | 579.81 | NOTE | |||
r-devel-linux-x86_64-fedora-gcc | 4.1-8 | 610.82 | NOTE | |||
r-devel-macos-arm64 | 4.1-8 | 162.00 | NOTE | |||
r-devel-macos-x86_64 | 4.1-8 | 327.00 | NOTE | |||
r-devel-windows-x86_64 | 4.1-8 | 92.00 | 385.00 | 477.00 | NOTE | |
r-patched-linux-x86_64 | 4.1-8 | 107.38 | 231.08 | 338.46 | OK | |
r-release-linux-x86_64 | 4.1-8 | 106.32 | 226.55 | 332.87 | OK | |
r-release-macos-arm64 | 4.1-8 | 150.00 | NOTE | |||
r-release-macos-x86_64 | 4.1-8 | 287.00 | NOTE | |||
r-release-windows-x86_64 | 4.1-8 | 90.00 | 384.00 | 474.00 | OK | |
r-oldrel-macos-arm64 | 4.1-8 | 173.00 | NOTE | |||
r-oldrel-macos-x86_64 | 4.1-8 | 318.00 | NOTE | |||
r-oldrel-windows-x86_64 | 4.1-8 | 111.00 | 408.00 | 519.00 | OK |
Version: 4.1-8
Check: compiled code
Result: NOTE
File ‘glmnet/libs/glmnet.so’:
Found non-API call to R: ‘SET_TYPEOF’
Compiled code should not call non-API entry points in R.
See ‘Writing portable packages’ in the ‘Writing R Extensions’ manual,
and section ‘Moving into C API compliance’ for issues with the use of
non-API entry points.
Flavors: r-devel-linux-x86_64-debian-clang, r-devel-linux-x86_64-debian-gcc, r-devel-linux-x86_64-fedora-clang, r-devel-linux-x86_64-fedora-gcc, r-devel-macos-arm64, r-devel-macos-x86_64
Version: 4.1-8
Check: compiled code
Result: NOTE
File 'glmnet/libs/x64/glmnet.dll':
Found non-API call to R: 'SET_TYPEOF'
Compiled code should not call non-API entry points in R.
See 'Writing portable packages' in the 'Writing R Extensions' manual,
and section 'Moving into C API compliance' for issues with the use of
non-API entry points.
Flavor: r-devel-windows-x86_64
Version: 4.1-8
Check: installed package size
Result: NOTE
installed size is 33.6Mb
sub-directories of 1Mb or more:
libs 31.7Mb
Flavors: r-release-macos-arm64, r-release-macos-x86_64, r-oldrel-macos-arm64, r-oldrel-macos-x86_64