Last updated on 2025-10-22 01:51:26 CEST.
Flavor | Version | Tinstall | Tcheck | Ttotal | Status | Flags |
---|---|---|---|---|---|---|
r-devel-linux-x86_64-debian-clang | 0.1.12 | 22.86 | 221.81 | 244.67 | NOTE | |
r-devel-linux-x86_64-debian-gcc | 0.1.12 | 15.72 | 135.90 | 151.62 | NOTE | |
r-devel-linux-x86_64-fedora-clang | 0.1.12 | 145.00 | 263.05 | 408.05 | OK | |
r-devel-linux-x86_64-fedora-gcc | 0.1.12 | 50.00 | 301.22 | 351.22 | OK | |
r-devel-windows-x86_64 | 0.1.12 | 23.00 | 241.00 | 264.00 | OK | |
r-patched-linux-x86_64 | 0.1.12 | 22.79 | 207.99 | 230.78 | OK | |
r-release-linux-x86_64 | 0.1.12 | 19.62 | 208.60 | 228.22 | OK | |
r-release-macos-arm64 | 0.1.12 | 9.00 | 80.00 | 89.00 | OK | |
r-release-macos-x86_64 | 0.1.12 | 20.00 | 166.00 | 186.00 | OK | |
r-release-windows-x86_64 | 0.1.12 | 26.00 | 245.00 | 271.00 | OK | |
r-oldrel-macos-arm64 | 0.1.12 | 10.00 | 81.00 | 91.00 | OK | |
r-oldrel-macos-x86_64 | 0.1.12 | 33.00 | 203.00 | 236.00 | OK | |
r-oldrel-windows-x86_64 | 0.1.12 | 35.00 | 313.00 | 348.00 | OK |
Version: 0.1.12
Check: HTML version of manual
Result: NOTE
Found the following HTML validation problems:
glance.glmgee.html:51:1 (glance.glmgee.Rd:12): Warning: missing </ul> before </div>
tidy.glmgee.html:74:1 (tidy.glmgee.Rd:27): Warning: missing </ul> before </div>
Flavors: r-devel-linux-x86_64-debian-clang, r-devel-linux-x86_64-debian-gcc