Last updated on 2025-04-30 01:50:21 CEST.
Flavor | Version | Tinstall | Tcheck | Ttotal | Status | Flags |
---|---|---|---|---|---|---|
r-devel-linux-x86_64-debian-clang | 2.1.0 | 15.29 | 159.61 | 174.90 | NOTE | |
r-devel-linux-x86_64-debian-gcc | 2.1.0 | 10.35 | 116.65 | 127.00 | OK | |
r-devel-linux-x86_64-fedora-clang | 2.1.0 | 265.44 | OK | |||
r-devel-linux-x86_64-fedora-gcc | 2.1.0 | 275.62 | OK | |||
r-devel-windows-x86_64 | 2.1.0 | 15.00 | 170.00 | 185.00 | OK | |
r-patched-linux-x86_64 | 2.1.0 | 12.61 | 156.45 | 169.06 | OK | |
r-release-linux-x86_64 | 2.1.0 | 14.25 | 152.92 | 167.17 | OK | |
r-release-macos-arm64 | 2.1.0 | 80.00 | OK | |||
r-release-macos-x86_64 | 2.1.0 | 150.00 | OK | |||
r-release-windows-x86_64 | 2.1.0 | 15.00 | 178.00 | 193.00 | OK | |
r-oldrel-macos-arm64 | 2.1.0 | 89.00 | OK | |||
r-oldrel-macos-x86_64 | 2.1.0 | 145.00 | OK | |||
r-oldrel-windows-x86_64 | 2.1.0 | 20.00 | 202.00 | 222.00 | OK |
Version: 2.1.0
Check: examples
Result: NOTE
Examples with CPU (user + system) or elapsed time > 5s
user system elapsed
plot.glmtrans 5.109 0.060 6.621
predict.glmtrans 3.997 0.067 5.992
print.glmtrans 4.043 0.012 6.158
Flavor: r-devel-linux-x86_64-debian-clang