CRAN Package Check Results for Package gpk

Last updated on 2025-05-19 01:49:55 CEST.

Flavor Version Tinstall Tcheck Ttotal Status Flags
r-devel-linux-x86_64-debian-clang 1.0 1.97 48.20 50.17 NOTE
r-devel-linux-x86_64-debian-gcc 1.0 1.51 37.87 39.38 NOTE
r-devel-linux-x86_64-fedora-clang 1.0 81.40 OK
r-devel-linux-x86_64-fedora-gcc 1.0 80.33 OK
r-devel-windows-x86_64 1.0 4.00 124.00 128.00 OK
r-patched-linux-x86_64 1.0 3.35 46.23 49.58 OK
r-release-linux-x86_64 1.0 2.20 46.53 48.73 OK
r-release-macos-arm64 1.0 37.00 OK
r-release-macos-x86_64 1.0 54.00 OK
r-release-windows-x86_64 1.0 4.00 122.00 126.00 OK
r-oldrel-macos-arm64 1.0 33.00 OK
r-oldrel-macos-x86_64 1.0 46.00 OK
r-oldrel-windows-x86_64 1.0 4.00 85.00 89.00 OK

Check Details

Version: 1.0
Check: CRAN incoming feasibility
Result: NOTE Maintainer: ‘Prabhanjan Tattar <prabhanjannt@gmail.com>’ No Authors@R field in DESCRIPTION. Please add one, modifying Authors@R: person(given = "Prabhanjan", family = "Tattar", role = c("aut", "cre"), email = "prabhanjannt@gmail.com") as necessary. Flavors: r-devel-linux-x86_64-debian-clang, r-devel-linux-x86_64-debian-gcc