Last updated on 2025-11-27 01:48:34 CET.
| Flavor | Version | Tinstall | Tcheck | Ttotal | Status | Flags |
|---|---|---|---|---|---|---|
| r-devel-linux-x86_64-debian-clang | 1.6.1 | 43.13 | 142.40 | 185.53 | NOTE | |
| r-devel-linux-x86_64-debian-gcc | 1.6.1 | 33.97 | 98.43 | 132.40 | NOTE | |
| r-devel-linux-x86_64-fedora-clang | 1.6.1 | 75.00 | 212.83 | 287.83 | NOTE | |
| r-devel-linux-x86_64-fedora-gcc | 1.6.1 | 206.00 | 108.62 | 314.62 | NOTE | |
| r-devel-windows-x86_64 | 1.6.1 | 54.00 | 222.00 | 276.00 | NOTE | |
| r-patched-linux-x86_64 | 1.6.1 | 45.66 | 138.86 | 184.52 | NOTE | |
| r-release-linux-x86_64 | 1.6.1 | 44.54 | 139.68 | 184.22 | NOTE | |
| r-release-macos-arm64 | 1.6.1 | NOTE | ||||
| r-release-macos-x86_64 | 1.6.1 | 50.00 | 132.00 | 182.00 | NOTE | |
| r-release-windows-x86_64 | 1.6.1 | 48.00 | 261.00 | 309.00 | NOTE | |
| r-oldrel-macos-arm64 | 1.6.1 | NOTE | ||||
| r-oldrel-macos-x86_64 | 1.6.1 | 27.00 | 38.00 | 65.00 | NOTE | |
| r-oldrel-windows-x86_64 | 1.6.1 | 55.00 | 270.00 | 325.00 | NOTE |
Version: 1.6.1
Check: C++ specification
Result: NOTE
Specified C++11: please drop specification unless essential
Flavors: r-devel-linux-x86_64-debian-clang, r-devel-linux-x86_64-debian-gcc, r-devel-windows-x86_64, r-patched-linux-x86_64, r-release-linux-x86_64, r-release-macos-arm64, r-release-macos-x86_64, r-release-windows-x86_64, r-oldrel-macos-arm64, r-oldrel-macos-x86_64, r-oldrel-windows-x86_64
Version: 1.6.1
Check: C++ specification
Result: NOTE
Specified C++11: support will be removed soon
Flavors: r-devel-linux-x86_64-fedora-clang, r-devel-linux-x86_64-fedora-gcc
Version: 1.6.1
Check: installed package size
Result: NOTE
installed size is 15.9Mb
sub-directories of 1Mb or more:
libs 15.8Mb
Flavors: r-oldrel-macos-arm64, r-oldrel-macos-x86_64