Last updated on 2024-05-21 02:02:04 CEST.
Flavor | Version | Tinstall | Tcheck | Ttotal | Status | Flags |
---|---|---|---|---|---|---|
r-devel-linux-x86_64-debian-clang | 0.4-7 | 2.13 | 29.29 | 31.42 | NOTE | |
r-devel-linux-x86_64-debian-gcc | 0.4-7 | 1.74 | 23.05 | 24.79 | NOTE | |
r-devel-linux-x86_64-fedora-clang | 0.4-7 | 41.43 | NOTE | |||
r-devel-linux-x86_64-fedora-gcc | 0.4-7 | 51.27 | NOTE | |||
r-devel-windows-x86_64 | 0.4-7 | 2.00 | 62.00 | 64.00 | NOTE | |
r-patched-linux-x86_64 | 0.4-7 | 1.92 | 28.44 | 30.36 | NOTE | |
r-release-linux-x86_64 | 0.4-7 | 1.67 | 28.70 | 30.37 | NOTE | |
r-release-macos-arm64 | 0.4-7 | 24.00 | NOTE | |||
r-release-windows-x86_64 | 0.4-7 | 3.00 | 60.00 | 63.00 | NOTE | |
r-oldrel-macos-arm64 | 0.4-7 | 24.00 | NOTE | |||
r-oldrel-macos-x86_64 | 0.4-7 | 33.00 | NOTE | |||
r-oldrel-windows-x86_64 | 0.4-7 | 3.00 | 55.00 | 58.00 | NOTE |
Version: 0.4-7
Check: DESCRIPTION meta-information
Result: NOTE
Malformed Description field: should contain one or more complete sentences.
Flavors: r-devel-linux-x86_64-debian-clang, r-devel-linux-x86_64-debian-gcc, r-devel-linux-x86_64-fedora-clang, r-devel-linux-x86_64-fedora-gcc, r-devel-windows-x86_64, r-patched-linux-x86_64, r-release-linux-x86_64, r-release-macos-arm64, r-release-windows-x86_64, r-oldrel-macos-arm64, r-oldrel-macos-x86_64, r-oldrel-windows-x86_64