CRAN Package Check Results for Package gridsampler

Last updated on 2025-05-08 01:51:04 CEST.

Flavor Version Tinstall Tcheck Ttotal Status Flags
r-devel-linux-x86_64-debian-clang 0.6 6.68 96.97 103.65 NOTE
r-devel-linux-x86_64-debian-gcc 0.6 4.72 64.01 68.73 NOTE
r-devel-linux-x86_64-fedora-clang 0.6 154.03 NOTE
r-devel-linux-x86_64-fedora-gcc 0.6 171.56 NOTE
r-devel-windows-x86_64 0.6 8.00 113.00 121.00 OK
r-patched-linux-x86_64 0.6 6.23 87.54 93.77 OK
r-release-linux-x86_64 0.6 5.80 83.55 89.35 OK
r-release-macos-arm64 0.6 60.00 OK
r-release-macos-x86_64 0.6 89.00 OK
r-release-windows-x86_64 0.6 10.00 117.00 127.00 OK
r-oldrel-macos-arm64 0.6 50.00 OK
r-oldrel-macos-x86_64 0.6 96.00 OK
r-oldrel-windows-x86_64 0.6 12.00 136.00 148.00 OK

Check Details

Version: 0.6
Check: CRAN incoming feasibility
Result: NOTE Maintainer: ‘Mark Heckmann <heckmann.mark@gmail.com>’ Package CITATION file contains call(s) to old-style citEntry(). Please use bibentry() instead. Flavors: r-devel-linux-x86_64-debian-clang, r-devel-linux-x86_64-debian-gcc

Version: 0.6
Check: dependencies in R code
Result: NOTE Namespace in Imports field not imported from: ‘BiasedUrn’ All declared Imports should be used. Flavors: r-devel-linux-x86_64-fedora-clang, r-devel-linux-x86_64-fedora-gcc