CRAN Package Check Results for Package groupICA

Last updated on 2025-11-20 03:50:11 CET.

Flavor Version Tinstall Tcheck Ttotal Status Flags
r-devel-linux-x86_64-debian-clang 0.1.1 1.82 23.09 24.91 NOTE
r-devel-linux-x86_64-debian-gcc 0.1.1 1.47 18.38 19.85 NOTE
r-devel-linux-x86_64-fedora-clang 0.1.1 38.14 OK
r-devel-linux-x86_64-fedora-gcc 0.1.1 34.65 OK
r-devel-windows-x86_64 0.1.1 5.00 40.00 45.00 OK
r-patched-linux-x86_64 0.1.1 1.93 21.77 23.70 OK
r-release-linux-x86_64 0.1.1 1.73 21.82 23.55 OK
r-release-macos-arm64 0.1.1 OK
r-release-macos-x86_64 0.1.1 2.00 23.00 25.00 OK
r-release-windows-x86_64 0.1.1 3.00 41.00 44.00 OK
r-oldrel-macos-arm64 0.1.1 NOTE
r-oldrel-macos-x86_64 0.1.1 1.00 21.00 22.00 NOTE
r-oldrel-windows-x86_64 0.1.1 3.00 45.00 48.00 NOTE

Check Details

Version: 0.1.1
Check: CRAN incoming feasibility
Result: NOTE Maintainer: ‘Niklas Pfister <pfister@stat.math.ethz.ch>’ No Authors@R field in DESCRIPTION. Please add one, modifying Authors@R: c(person(given = "Niklas", family = "Pfister", role = c("aut", "cre"), email = "pfister@stat.math.ethz.ch"), person(given = "Sebastian", family = "Weichwald", role = "aut")) as necessary. Flavors: r-devel-linux-x86_64-debian-clang, r-devel-linux-x86_64-debian-gcc

Version: 0.1.1
Check: LazyData
Result: NOTE 'LazyData' is specified without a 'data' directory Flavors: r-oldrel-macos-arm64, r-oldrel-macos-x86_64, r-oldrel-windows-x86_64