Last updated on 2025-02-17 01:50:26 CET.
Flavor | Version | Tinstall | Tcheck | Ttotal | Status | Flags |
---|---|---|---|---|---|---|
r-devel-linux-x86_64-debian-clang | 1.0 | 9.42 | 86.16 | 95.58 | OK | |
r-devel-linux-x86_64-debian-gcc | 1.0 | 7.17 | 59.64 | 66.81 | OK | |
r-devel-linux-x86_64-fedora-clang | 1.0 | 156.94 | OK | |||
r-devel-linux-x86_64-fedora-gcc | 1.0 | 138.94 | OK | |||
r-devel-macos-arm64 | 1.0 | 39.00 | OK | |||
r-devel-macos-x86_64 | 1.0 | 91.00 | OK | |||
r-devel-windows-x86_64 | 1.0 | 11.00 | 90.00 | 101.00 | OK | |
r-patched-linux-x86_64 | 1.0 | 9.05 | 77.67 | 86.72 | NOTE | |
r-release-linux-x86_64 | 1.0 | 8.74 | 76.45 | 85.19 | NOTE | |
r-release-macos-arm64 | 1.0 | 41.00 | NOTE | |||
r-release-macos-x86_64 | 1.0 | 62.00 | NOTE | |||
r-release-windows-x86_64 | 1.0 | 12.00 | 86.00 | 98.00 | NOTE | |
r-oldrel-macos-arm64 | 1.0 | 47.00 | NOTE | |||
r-oldrel-macos-x86_64 | 1.0 | 67.00 | NOTE | |||
r-oldrel-windows-x86_64 | 1.0 | 14.00 | 98.00 | 112.00 | NOTE |
Version: 1.0
Check: LazyData
Result: NOTE
'LazyData' is specified without a 'data' directory
Flavors: r-patched-linux-x86_64, r-release-linux-x86_64, r-release-macos-arm64, r-release-macos-x86_64, r-release-windows-x86_64, r-oldrel-macos-arm64, r-oldrel-macos-x86_64, r-oldrel-windows-x86_64