Last updated on 2024-05-21 02:02:04 CEST.
Flavor | Version | Tinstall | Tcheck | Ttotal | Status | Flags |
---|---|---|---|---|---|---|
r-devel-linux-x86_64-debian-clang | 0.0.2 | 1.67 | 28.11 | 29.78 | NOTE | |
r-devel-linux-x86_64-debian-gcc | 0.0.2 | 1.83 | 21.40 | 23.23 | NOTE | |
r-devel-linux-x86_64-fedora-clang | 0.0.2 | 38.01 | NOTE | |||
r-devel-linux-x86_64-fedora-gcc | 0.0.2 | 36.03 | NOTE | |||
r-devel-windows-x86_64 | 0.0.2 | 4.00 | 45.00 | 49.00 | NOTE | |
r-patched-linux-x86_64 | 0.0.2 | 2.71 | 26.59 | 29.30 | NOTE | |
r-release-linux-x86_64 | 0.0.2 | 1.69 | 26.09 | 27.78 | NOTE | |
r-release-macos-arm64 | 0.0.2 | 17.00 | NOTE | |||
r-release-windows-x86_64 | 0.0.2 | 4.00 | 45.00 | 49.00 | NOTE | |
r-oldrel-macos-arm64 | 0.0.2 | 19.00 | NOTE | |||
r-oldrel-macos-x86_64 | 0.0.2 | 24.00 | NOTE | |||
r-oldrel-windows-x86_64 | 0.0.2 | 4.00 | 48.00 | 52.00 | NOTE |
Version: 0.0.2
Check: LazyData
Result: NOTE
'LazyData' is specified without a 'data' directory
Flavors: r-devel-linux-x86_64-debian-clang, r-devel-linux-x86_64-debian-gcc, r-devel-linux-x86_64-fedora-clang, r-devel-linux-x86_64-fedora-gcc, r-devel-windows-x86_64, r-patched-linux-x86_64, r-release-linux-x86_64, r-release-macos-arm64, r-release-windows-x86_64, r-oldrel-macos-arm64, r-oldrel-macos-x86_64, r-oldrel-windows-x86_64