Last updated on 2025-10-21 01:48:33 CEST.
Flavor | Version | Tinstall | Tcheck | Ttotal | Status | Flags |
---|---|---|---|---|---|---|
r-devel-linux-x86_64-debian-clang | 1.0.5 | 5.03 | 40.13 | 45.16 | OK | |
r-devel-linux-x86_64-debian-gcc | 1.0.5 | 3.45 | 30.92 | 34.37 | NOTE | |
r-devel-linux-x86_64-fedora-clang | 1.0.5 | 67.19 | OK | |||
r-devel-linux-x86_64-fedora-gcc | 1.0.5 | 76.03 | OK | |||
r-devel-windows-x86_64 | 1.0.5 | 6.00 | 56.00 | 62.00 | OK | |
r-patched-linux-x86_64 | 1.0.5 | 4.92 | 36.67 | 41.59 | OK | |
r-release-linux-x86_64 | 1.0.5 | 4.36 | 36.37 | 40.73 | OK | |
r-release-macos-arm64 | 1.0.5 | 31.00 | OK | |||
r-release-macos-x86_64 | 1.0.5 | 56.00 | OK | |||
r-release-windows-x86_64 | 1.0.5 | 7.00 | 56.00 | 63.00 | OK | |
r-oldrel-macos-arm64 | 1.0.5 | 34.00 | OK | |||
r-oldrel-macos-x86_64 | 1.0.5 | 55.00 | OK | |||
r-oldrel-windows-x86_64 | 1.0.5 | 9.00 | 68.00 | 77.00 | OK |
Version: 1.0.5
Check: HTML version of manual
Result: NOTE
Found the following HTML validation problems:
Client.html:160:1 (Client.Rd:157): Warning: <h5> anchor "Usage" already defined
Client.html:166:1 (Client.Rd:161): Warning: <h5> anchor "Arguments" already defined
Client.html:181:1 (Client.Rd:170): Warning: <h5> anchor "Returns" already defined
Client.html:188:1 (Client.Rd:173): Warning: <h5> anchor "Examples" already defined
Client.html:208:1 (Client.Rd:188): Warning: <h5> anchor "Usage" already defined
Client.html:214:1 (Client.Rd:192): Warning: <h5> anchor "Arguments" already defined
Client.html:229:1 (Client.Rd:201): Warning: <h5> anchor "Returns" already defined
Client.html:246:1 (Client.Rd:210): Warning: <h5> anchor "Usage" already defined
Client.html:252:1 (Client.Rd:214): Warning: <h5> anchor "Arguments" already defined
Client.html:267:1 (Client.Rd:223): Warning: <h5> anchor "Returns" already defined
Client.html:284:1 (Client.Rd:232): Warning: <h5> anchor "Usage" already defined
Client.html:290:1 (Client.Rd:236): Warning: <h5> anchor "Arguments" already defined
Client.html:305:1 (Client.Rd:245): Warning: <h5> anchor "Returns" already defined
Client.html:322:1 (Client.Rd:254): Warning: <h5> anchor "Usage" already defined
Client.html:328:1 (Client.Rd:258): Warning: <h5> anchor "Examples" already defined
Client.html:349:1 (Client.Rd:274): Warning: <h5> anchor "Usage" already defined
Client.html:355:1 (Client.Rd:278): Warning: <h5> anchor "Arguments" already defined
Flavor: r-devel-linux-x86_64-debian-gcc