Last updated on 2025-02-17 01:50:26 CET.
Flavor | Version | Tinstall | Tcheck | Ttotal | Status | Flags |
---|---|---|---|---|---|---|
r-devel-linux-x86_64-debian-clang | 3.4 | 5.81 | 39.75 | 45.56 | OK | |
r-devel-linux-x86_64-debian-gcc | 3.4 | 3.70 | 27.88 | 31.58 | OK | |
r-devel-linux-x86_64-fedora-clang | 3.4 | 74.44 | OK | |||
r-devel-linux-x86_64-fedora-gcc | 3.4 | 70.98 | OK | |||
r-devel-macos-arm64 | 3.4 | 26.00 | OK | |||
r-devel-macos-x86_64 | 3.4 | 49.00 | OK | |||
r-devel-windows-x86_64 | 3.4 | 10.00 | 77.00 | 87.00 | NOTE | |
r-patched-linux-x86_64 | 3.4 | 5.76 | 38.07 | 43.83 | OK | |
r-release-linux-x86_64 | 3.4 | 5.36 | 38.00 | 43.36 | OK | |
r-release-macos-arm64 | 3.4 | 26.00 | OK | |||
r-release-macos-x86_64 | 3.4 | 37.00 | OK | |||
r-release-windows-x86_64 | 3.4 | 11.00 | 66.00 | 77.00 | NOTE | |
r-oldrel-macos-arm64 | 3.4 | 26.00 | OK | |||
r-oldrel-macos-x86_64 | 3.4 | 37.00 | OK | |||
r-oldrel-windows-x86_64 | 3.4 | 12.00 | 72.00 | 84.00 | NOTE |
Version: 3.4
Check: C++ specification
Result: NOTE
Specified C++11: please drop specification unless essential
Flavors: r-devel-windows-x86_64, r-release-windows-x86_64, r-oldrel-windows-x86_64