Last updated on 2024-05-21 02:02:04 CEST.
Flavor | Version | Tinstall | Tcheck | Ttotal | Status | Flags |
---|---|---|---|---|---|---|
r-devel-linux-x86_64-debian-clang | 1.0 | 1.60 | 22.46 | 24.06 | NOTE | |
r-devel-linux-x86_64-debian-gcc | 1.0 | 1.49 | 17.24 | 18.73 | NOTE | |
r-devel-linux-x86_64-fedora-clang | 1.0 | 30.72 | NOTE | |||
r-devel-linux-x86_64-fedora-gcc | 1.0 | 28.72 | NOTE | |||
r-devel-windows-x86_64 | 1.0 | 3.00 | 36.00 | 39.00 | NOTE | |
r-patched-linux-x86_64 | 1.0 | 2.45 | 21.14 | 23.59 | NOTE | |
r-release-linux-x86_64 | 1.0 | 2.14 | 22.54 | 24.68 | NOTE | |
r-release-macos-arm64 | 1.0 | 14.00 | NOTE | |||
r-release-windows-x86_64 | 1.0 | 2.00 | 36.00 | 38.00 | NOTE | |
r-oldrel-macos-arm64 | 1.0 | 16.00 | NOTE | |||
r-oldrel-macos-x86_64 | 1.0 | 19.00 | NOTE | |||
r-oldrel-windows-x86_64 | 1.0 | 4.00 | 37.00 | 41.00 | NOTE |
Version: 1.0
Check: DESCRIPTION meta-information
Result: NOTE
Malformed Title field: should not end in a period.
Flavors: r-devel-linux-x86_64-debian-clang, r-devel-linux-x86_64-debian-gcc, r-devel-linux-x86_64-fedora-clang, r-devel-linux-x86_64-fedora-gcc, r-devel-windows-x86_64, r-patched-linux-x86_64, r-release-linux-x86_64, r-release-macos-arm64, r-release-windows-x86_64, r-oldrel-macos-arm64, r-oldrel-macos-x86_64, r-oldrel-windows-x86_64