Last updated on 2025-02-17 01:50:26 CET.
Flavor | Version | Tinstall | Tcheck | Ttotal | Status | Flags |
---|---|---|---|---|---|---|
r-devel-linux-x86_64-debian-clang | 1.0.1 | 1.74 | 28.35 | 30.09 | OK | |
r-devel-linux-x86_64-debian-gcc | 1.0.1 | 1.28 | 23.47 | 24.75 | OK | |
r-devel-linux-x86_64-fedora-clang | 1.0.1 | 50.64 | OK | |||
r-devel-linux-x86_64-fedora-gcc | 1.0.1 | 62.93 | OK | |||
r-devel-macos-arm64 | 1.0.1 | 28.00 | OK | |||
r-devel-macos-x86_64 | 1.0.1 | 56.00 | OK | |||
r-devel-windows-x86_64 | 1.0.1 | 5.00 | 50.00 | 55.00 | OK | |
r-patched-linux-x86_64 | 1.0.1 | 1.68 | 26.80 | 28.48 | NOTE | |
r-release-linux-x86_64 | 1.0.1 | 1.48 | 26.45 | 27.93 | NOTE | |
r-release-macos-arm64 | 1.0.1 | 31.00 | NOTE | |||
r-release-macos-x86_64 | 1.0.1 | 40.00 | NOTE | |||
r-release-windows-x86_64 | 1.0.1 | 3.00 | 60.00 | 63.00 | NOTE | |
r-oldrel-macos-arm64 | 1.0.1 | 26.00 | NOTE | |||
r-oldrel-macos-x86_64 | 1.0.1 | 37.00 | NOTE | |||
r-oldrel-windows-x86_64 | 1.0.1 | 3.00 | 63.00 | 66.00 | NOTE |
Version: 1.0.1
Check: LazyData
Result: NOTE
'LazyData' is specified without a 'data' directory
Flavors: r-patched-linux-x86_64, r-release-linux-x86_64, r-release-macos-arm64, r-release-macos-x86_64, r-release-windows-x86_64, r-oldrel-macos-arm64, r-oldrel-macos-x86_64, r-oldrel-windows-x86_64