Last updated on 2024-05-21 02:02:04 CEST.
Flavor | Version | Tinstall | Tcheck | Ttotal | Status | Flags |
---|---|---|---|---|---|---|
r-devel-linux-x86_64-debian-clang | 0.2.0 | 20.27 | 68.26 | 88.53 | NOTE | |
r-devel-linux-x86_64-debian-gcc | 0.2.0 | 16.09 | 52.27 | 68.36 | NOTE | |
r-devel-linux-x86_64-fedora-clang | 0.2.0 | 124.02 | NOTE | |||
r-devel-linux-x86_64-fedora-gcc | 0.2.0 | 122.92 | NOTE | |||
r-devel-windows-x86_64 | 0.2.0 | 22.00 | 74.00 | 96.00 | NOTE | |
r-patched-linux-x86_64 | 0.2.0 | 19.43 | 65.89 | 85.32 | OK | |
r-release-linux-x86_64 | 0.2.0 | 21.29 | 65.39 | 86.68 | OK | |
r-release-macos-arm64 | 0.2.0 | 38.00 | OK | |||
r-release-macos-x86_64 | 0.2.0 | 102.00 | OK | |||
r-release-windows-x86_64 | 0.2.0 | 20.00 | 76.00 | 96.00 | OK | |
r-oldrel-macos-arm64 | 0.2.0 | 45.00 | OK | |||
r-oldrel-macos-x86_64 | 0.2.0 | 86.00 | OK | |||
r-oldrel-windows-x86_64 | 0.2.0 | 23.00 | 84.00 | 107.00 | OK |
Version: 0.2.0
Check: compiled code
Result: NOTE
File ‘heumilkr/libs/heumilkr.so’:
Found non-API calls to R: ‘SETLENGTH’, ‘SET_TRUELENGTH’
Compiled code should not call non-API entry points in R.
See ‘Writing portable packages’ in the ‘Writing R Extensions’ manual.
Flavors: r-devel-linux-x86_64-debian-clang, r-devel-linux-x86_64-debian-gcc, r-devel-linux-x86_64-fedora-clang, r-devel-linux-x86_64-fedora-gcc
Version: 0.2.0
Check: compiled code
Result: NOTE
File 'heumilkr/libs/x64/heumilkr.dll':
Found non-API calls to R: 'SETLENGTH', 'SET_TRUELENGTH'
Compiled code should not call non-API entry points in R.
See 'Writing portable packages' in the 'Writing R Extensions' manual.
Flavor: r-devel-windows-x86_64