Last updated on 2025-10-27 02:49:26 CET.
| Flavor | Version | Tinstall | Tcheck | Ttotal | Status | Flags |
|---|---|---|---|---|---|---|
| r-devel-linux-x86_64-debian-clang | 0.4.3 | 8.65 | 124.08 | 132.73 | NOTE | |
| r-devel-linux-x86_64-debian-gcc | 0.4.3 | 6.21 | 92.22 | 98.43 | NOTE | |
| r-devel-linux-x86_64-fedora-clang | 0.4.3 | 26.00 | 192.98 | 218.98 | NOTE | |
| r-devel-linux-x86_64-fedora-gcc | 0.4.3 | 23.00 | 247.19 | 270.19 | NOTE | |
| r-devel-windows-x86_64 | 0.4.3 | 12.00 | 228.00 | 240.00 | NOTE | |
| r-patched-linux-x86_64 | 0.4.3 | 8.78 | 127.74 | 136.52 | NOTE | |
| r-release-linux-x86_64 | 0.4.3 | 8.95 | 127.92 | 136.87 | NOTE | |
| r-release-macos-arm64 | 0.4.3 | 5.00 | 59.00 | 64.00 | NOTE | |
| r-release-macos-x86_64 | 0.4.3 | 7.00 | 109.00 | 116.00 | NOTE | |
| r-release-windows-x86_64 | 0.4.3 | 14.00 | 232.00 | 246.00 | NOTE | |
| r-oldrel-macos-arm64 | 0.4.3 | 4.00 | 57.00 | 61.00 | NOTE | |
| r-oldrel-macos-x86_64 | 0.4.3 | 7.00 | 87.00 | 94.00 | NOTE | |
| r-oldrel-windows-x86_64 | 0.4.3 | 13.00 | 235.00 | 248.00 | NOTE |
Version: 0.4.3
Check: C++ specification
Result: NOTE
Specified C++11: please drop specification unless essential
Flavors: r-devel-linux-x86_64-debian-clang, r-devel-linux-x86_64-debian-gcc, r-devel-linux-x86_64-fedora-clang, r-devel-linux-x86_64-fedora-gcc, r-devel-windows-x86_64, r-patched-linux-x86_64, r-release-linux-x86_64, r-release-macos-arm64, r-release-macos-x86_64, r-release-windows-x86_64, r-oldrel-macos-arm64, r-oldrel-macos-x86_64, r-oldrel-windows-x86_64
Version: 0.4.3
Check: LazyData
Result: NOTE
'LazyData' is specified without a 'data' directory
Flavors: r-oldrel-macos-arm64, r-oldrel-macos-x86_64, r-oldrel-windows-x86_64