Last updated on 2025-05-08 01:51:05 CEST.
Flavor | Version | Tinstall | Tcheck | Ttotal | Status | Flags |
---|---|---|---|---|---|---|
r-devel-linux-x86_64-debian-clang | 0.2-2 | 4.47 | 38.72 | 43.19 | OK | |
r-devel-linux-x86_64-debian-gcc | 0.2-2 | 3.06 | 29.86 | 32.92 | OK | |
r-devel-linux-x86_64-fedora-clang | 0.2-2 | 68.84 | OK | |||
r-devel-linux-x86_64-fedora-gcc | 0.2-2 | 64.97 | OK | |||
r-devel-windows-x86_64 | 0.2-2 | 6.00 | 55.00 | 61.00 | OK | |
r-patched-linux-x86_64 | 0.2-2 | 3.62 | 36.84 | 40.46 | OK | |
r-release-linux-x86_64 | 0.2-2 | 3.78 | 37.34 | 41.12 | OK | |
r-release-macos-arm64 | 0.2-2 | 22.00 | OK | |||
r-release-macos-x86_64 | 0.2-2 | 36.00 | OK | |||
r-release-windows-x86_64 | 0.2-2 | 4.00 | 60.00 | 64.00 | OK | |
r-oldrel-macos-arm64 | 0.2-2 | 21.00 | NOTE | |||
r-oldrel-macos-x86_64 | 0.2-2 | 35.00 | NOTE | |||
r-oldrel-windows-x86_64 | 0.2-2 | 5.00 | 55.00 | 60.00 | NOTE |
Version: 0.2-2
Check: package dependencies
Result: NOTE
Package which this enhances but not available for checking: ‘HadoopStreaming’
Flavors: r-oldrel-macos-arm64, r-oldrel-macos-x86_64, r-oldrel-windows-x86_64