CRAN Package Check Results for Package hive

Last updated on 2025-10-22 01:51:27 CEST.

Flavor Version Tinstall Tcheck Ttotal Status Flags
r-devel-linux-x86_64-debian-clang 0.2-2 4.34 41.09 45.43 OK
r-devel-linux-x86_64-debian-gcc 0.2-2 3.29 29.79 33.08 OK
r-devel-linux-x86_64-fedora-clang 0.2-2 12.00 58.79 70.79 OK
r-devel-linux-x86_64-fedora-gcc 0.2-2 62.73 OK
r-devel-windows-x86_64 0.2-2 5.00 54.00 59.00 OK
r-patched-linux-x86_64 0.2-2 4.92 40.01 44.93 OK
r-release-linux-x86_64 0.2-2 4.20 38.24 42.44 OK
r-release-macos-arm64 0.2-2 2.00 20.00 22.00 OK
r-release-macos-x86_64 0.2-2 3.00 33.00 36.00 OK
r-release-windows-x86_64 0.2-2 4.00 60.00 64.00 OK
r-oldrel-macos-arm64 0.2-2 2.00 19.00 21.00 NOTE
r-oldrel-macos-x86_64 0.2-2 3.00 32.00 35.00 NOTE
r-oldrel-windows-x86_64 0.2-2 6.00 62.00 68.00 NOTE

Check Details

Version: 0.2-2
Check: package dependencies
Result: NOTE Package which this enhances but not available for checking: ‘HadoopStreaming’ Flavors: r-oldrel-macos-arm64, r-oldrel-macos-x86_64, r-oldrel-windows-x86_64