Last updated on 2025-05-01 01:49:34 CEST.
Flavor | Version | Tinstall | Tcheck | Ttotal | Status | Flags |
---|---|---|---|---|---|---|
r-devel-linux-x86_64-debian-clang | 2.6.0 | 34.71 | 872.78 | 907.49 | NOTE | |
r-devel-linux-x86_64-debian-gcc | 2.6.0 | 26.04 | 553.58 | 579.62 | OK | |
r-devel-linux-x86_64-fedora-clang | 2.6.0 | 1484.20 | OK | |||
r-devel-linux-x86_64-fedora-gcc | 2.6.0 | 1496.81 | OK | |||
r-devel-windows-x86_64 | 2.6.0 | 44.00 | 906.00 | 950.00 | OK | |
r-patched-linux-x86_64 | 2.6.0 | 44.59 | 816.33 | 860.92 | OK | |
r-release-linux-x86_64 | 2.6.0 | 35.30 | 811.24 | 846.54 | OK | |
r-release-macos-arm64 | 2.6.0 | 291.00 | OK | |||
r-release-macos-x86_64 | 2.6.0 | 503.00 | OK | |||
r-release-windows-x86_64 | 2.6.0 | 47.00 | 925.00 | 972.00 | OK | |
r-oldrel-macos-arm64 | 2.6.0 | 332.00 | NOTE | |||
r-oldrel-macos-x86_64 | 2.6.0 | 575.00 | NOTE | |||
r-oldrel-windows-x86_64 | 2.6.0 | 53.00 | 1162.00 | 1215.00 | NOTE |
Version: 2.6.0
Check: examples
Result: NOTE
Examples with CPU (user + system) or elapsed time > 5s
user system elapsed
parameterize_3comp 7.056 0.055 10.861
convert_solve_x 6.823 0.016 9.763
parameterize_steadystate 5.757 0.000 6.653
solve_model 5.697 0.004 6.102
solve_1tri_pbtk 5.538 0.040 7.111
solve_1comp 4.765 0.016 6.355
parameterize_3comp2 4.432 0.027 6.413
calc_vdist 3.671 0.047 5.096
Flavor: r-devel-linux-x86_64-debian-clang
Version: 2.6.0
Check: examples
Result: NA
user system elapsed
parameterize_3comp 4.264 0.067 5.929
OK
Flavor: r-devel-linux-x86_64-debian-gcc
Version: 2.6.0
Check: installed package size
Result: NOTE
installed size is 7.2Mb
sub-directories of 1Mb or more:
data 2.3Mb
doc 2.4Mb
help 1.4Mb
Flavors: r-oldrel-macos-arm64, r-oldrel-macos-x86_64, r-oldrel-windows-x86_64