Last updated on 2025-02-06 01:49:13 CET.
Flavor | Version | Tinstall | Tcheck | Ttotal | Status | Flags |
---|---|---|---|---|---|---|
r-devel-linux-x86_64-debian-clang | 1.1.1 | 5.54 | 55.59 | 61.13 | OK | |
r-devel-linux-x86_64-debian-gcc | 1.1.1 | 4.22 | 41.94 | 46.16 | OK | |
r-devel-linux-x86_64-fedora-clang | 1.1.1 | 101.23 | OK | |||
r-devel-linux-x86_64-fedora-gcc | 1.1.1 | 105.84 | OK | |||
r-devel-windows-x86_64 | 1.1.1 | 8.00 | 71.00 | 79.00 | OK | |
r-patched-linux-x86_64 | 1.1.1 | 5.62 | 53.30 | 58.92 | OK | |
r-release-linux-x86_64 | 1.1.1 | 5.19 | 53.27 | 58.46 | OK | |
r-release-macos-arm64 | 1.1.1 | 39.00 | NOTE | |||
r-release-macos-x86_64 | 1.1.1 | 53.00 | NOTE | |||
r-release-windows-x86_64 | 1.1.1 | 8.00 | 72.00 | 80.00 | NOTE | |
r-oldrel-macos-arm64 | 1.1.1 | 40.00 | NOTE | |||
r-oldrel-macos-x86_64 | 1.1.1 | 51.00 | NOTE | |||
r-oldrel-windows-x86_64 | 1.1.1 | 10.00 | 81.00 | 91.00 | NOTE |
Version: 1.1.1
Check: installed package size
Result: NOTE
installed size is 6.5Mb
sub-directories of 1Mb or more:
doc 6.3Mb
Flavors: r-release-macos-arm64, r-release-macos-x86_64, r-release-windows-x86_64, r-oldrel-macos-arm64, r-oldrel-macos-x86_64, r-oldrel-windows-x86_64