Last updated on 2025-05-06 02:50:22 CEST.
Flavor | Version | Tinstall | Tcheck | Ttotal | Status | Flags |
---|---|---|---|---|---|---|
r-devel-linux-x86_64-debian-clang | 0.5.1 | 20.11 | 225.27 | 245.38 | NOTE | |
r-devel-linux-x86_64-debian-gcc | 0.5.1 | 11.63 | 205.79 | 217.42 | NOTE | |
r-devel-linux-x86_64-fedora-clang | 0.5.1 | 578.82 | OK | |||
r-devel-linux-x86_64-fedora-gcc | 0.5.1 | 567.29 | OK | |||
r-devel-windows-x86_64 | 0.5.1 | 19.00 | 474.00 | 493.00 | OK | |
r-patched-linux-x86_64 | 0.5.1 | 20.03 | 212.34 | 232.37 | OK | |
r-release-linux-x86_64 | 0.5.1 | 17.88 | 210.10 | 227.98 | OK | |
r-release-macos-arm64 | 0.5.1 | 184.00 | OK | |||
r-release-macos-x86_64 | 0.5.1 | 381.00 | OK | |||
r-release-windows-x86_64 | 0.5.1 | 20.00 | 476.00 | 496.00 | OK | |
r-oldrel-macos-arm64 | 0.5.1 | 220.00 | OK | |||
r-oldrel-macos-x86_64 | 0.5.1 | 405.00 | OK | |||
r-oldrel-windows-x86_64 | 0.5.1 | 27.00 | 606.00 | 633.00 | OK |
Version: 0.5.1
Check: DESCRIPTION meta-information
Result: NOTE
Author field differs from that derived from Authors@R
Author: ‘Anders Torstensson [aut, cre] (Swedish Meteorological and Hydrological Institute, <https://orcid.org/0000-0002-8283-656X>), Kendra Hayashi [ctb] (<https://orcid.org/0000-0003-1600-9504>), Jamie Enslein [ctb], Raphael Kudela [ctb] (<https://orcid.org/0000-0002-8640-1205>), Alle Lie [ctb] (<https://orcid.org/0009-0001-8709-4841>), Jayme Smith [ctb] (<https://orcid.org/0000-0002-9669-4427>), DTO-BioFlow [fnd] (Horizon Europe, HORIZON-MISS-2022-OCEAN-01-07), SBDI [fnd] (Swedish Research Council, 2019-00242)’
Authors@R: ‘Anders Torstensson [aut, cre] (affiliation: Swedish Meteorological and Hydrological Institute, ORCID: <https://orcid.org/0000-0002-8283-656X>), Kendra Hayashi [ctb] (ORCID: <https://orcid.org/0000-0003-1600-9504>), Jamie Enslein [ctb], Raphael Kudela [ctb] (ORCID: <https://orcid.org/0000-0002-8640-1205>), Alle Lie [ctb] (ORCID: <https://orcid.org/0009-0001-8709-4841>), Jayme Smith [ctb] (ORCID: <https://orcid.org/0000-0002-9669-4427>), DTO-BioFlow [fnd] (funding: Horizon Europe, HORIZON-MISS-2022-OCEAN-01-07), SBDI [fnd] (funding: Swedish Research Council, 2019-00242)’
Flavors: r-devel-linux-x86_64-debian-clang, r-devel-linux-x86_64-debian-gcc