CRAN Package Check Results for Package icertool

Last updated on 2025-02-17 01:50:27 CET.

Flavor Version Tinstall Tcheck Ttotal Status Flags
r-devel-linux-x86_64-debian-clang 0.0.3 1.81 19.11 20.92 NOTE
r-devel-linux-x86_64-debian-gcc 0.0.3 1.84 15.30 17.14 NOTE
r-devel-linux-x86_64-fedora-clang 0.0.3 35.64 NOTE
r-devel-linux-x86_64-fedora-gcc 0.0.3 33.31 NOTE
r-devel-macos-arm64 0.0.3 20.00 OK
r-devel-macos-x86_64 0.0.3 29.00 NOTE
r-devel-windows-x86_64 0.0.3 4.00 47.00 51.00 NOTE
r-patched-linux-x86_64 0.0.3 2.27 18.59 20.86 OK
r-release-linux-x86_64 0.0.3 1.38 18.29 19.67 OK
r-release-macos-arm64 0.0.3 17.00 OK
r-release-macos-x86_64 0.0.3 25.00 OK
r-release-windows-x86_64 0.0.3 3.00 45.00 48.00 OK
r-oldrel-macos-arm64 0.0.3 18.00 OK
r-oldrel-macos-x86_64 0.0.3 21.00 OK
r-oldrel-windows-x86_64 0.0.3 4.00 53.00 57.00 OK

Check Details

Version: 0.0.3
Check: DESCRIPTION meta-information
Result: NOTE Missing dependency on R >= 4.1.0 because package code uses the pipe |> or function shorthand \(...) syntax added in R 4.1.0. File(s) using such syntax: ‘app.R’ Flavors: r-devel-linux-x86_64-debian-clang, r-devel-linux-x86_64-debian-gcc, r-devel-linux-x86_64-fedora-clang, r-devel-linux-x86_64-fedora-gcc, r-devel-macos-x86_64, r-devel-windows-x86_64

Version: 0.0.3
Check: dependencies in R code
Result: NOTE Namespaces in Imports field not imported from: ‘digest’ ‘purrr’ ‘tidyverse’ All declared Imports should be used. Flavors: r-devel-linux-x86_64-fedora-clang, r-devel-linux-x86_64-fedora-gcc