Last updated on 2025-04-29 01:49:36 CEST.
Flavor | Version | Tinstall | Tcheck | Ttotal | Status | Flags |
---|---|---|---|---|---|---|
r-devel-linux-x86_64-debian-clang | 1.0.4 | 2.54 | 127.42 | 129.96 | OK | |
r-devel-linux-x86_64-debian-gcc | 1.0.4 | 1.87 | 188.62 | 190.49 | NOTE | |
r-devel-linux-x86_64-fedora-clang | 1.0.4 | 173.60 | OK | |||
r-devel-linux-x86_64-fedora-gcc | 1.0.4 | 184.45 | OK | |||
r-devel-windows-x86_64 | 1.0.4 | 4.00 | 212.00 | 216.00 | OK | |
r-patched-linux-x86_64 | 1.0.4 | 3.28 | 126.16 | 129.44 | OK | |
r-release-linux-x86_64 | 1.0.4 | 2.65 | 125.40 | 128.05 | OK | |
r-release-macos-arm64 | 1.0.4 | 99.00 | OK | |||
r-release-macos-x86_64 | 1.0.4 | 151.00 | OK | |||
r-release-windows-x86_64 | 1.0.4 | 5.00 | 240.00 | 245.00 | OK | |
r-oldrel-macos-arm64 | 1.0.4 | 88.00 | OK | |||
r-oldrel-macos-x86_64 | 1.0.4 | 111.00 | OK | |||
r-oldrel-windows-x86_64 | 1.0.4 | 5.00 | 224.00 | 229.00 | OK |
Version: 1.0.4
Check: CRAN incoming feasibility
Result: NOTE
Maintainer: ‘Irucka Embry <iembry@ecoccs.com>’
No Authors@R field in DESCRIPTION.
Please add one, modifying
Authors@R: person(given = "Irucka",
family = "Embry",
role = c("aut", "cre"),
email = "iembry@ecoccs.com")
as necessary.
Flavor: r-devel-linux-x86_64-debian-gcc