Last updated on 2025-05-01 01:49:34 CEST.
Flavor | Version | Tinstall | Tcheck | Ttotal | Status | Flags |
---|---|---|---|---|---|---|
r-devel-linux-x86_64-debian-clang | 0.1.0 | 6.88 | 64.57 | 71.45 | NOTE | |
r-devel-linux-x86_64-debian-gcc | 0.1.0 | 4.11 | 42.45 | 46.56 | OK | |
r-devel-linux-x86_64-fedora-clang | 0.1.0 | 103.21 | OK | |||
r-devel-linux-x86_64-fedora-gcc | 0.1.0 | 96.29 | OK | |||
r-devel-windows-x86_64 | 0.1.0 | 8.00 | 76.00 | 84.00 | OK | |
r-patched-linux-x86_64 | 0.1.0 | 6.13 | 61.56 | 67.69 | OK | |
r-release-linux-x86_64 | 0.1.0 | 6.09 | 61.36 | 67.45 | OK | |
r-release-macos-arm64 | 0.1.0 | 41.00 | OK | |||
r-release-macos-x86_64 | 0.1.0 | 62.00 | OK | |||
r-release-windows-x86_64 | 0.1.0 | 9.00 | 80.00 | 89.00 | OK | |
r-oldrel-macos-arm64 | 0.1.0 | 33.00 | OK | |||
r-oldrel-macos-x86_64 | 0.1.0 | 46.00 | OK | |||
r-oldrel-windows-x86_64 | 0.1.0 | 10.00 | 90.00 | 100.00 | OK |
Version: 0.1.0
Check: examples
Result: NOTE
Examples with CPU (user + system) or elapsed time > 5s
user system elapsed
testchange 8.741 0.016 10.908
ihclust 8.424 0.076 10.829
Flavor: r-devel-linux-x86_64-debian-clang
Version: 0.1.0
Check: examples
Result: NA
user system elapsed
testchange 4.737 0.098 5.673
ihclust 4.571 0.070 5.358
OK
Flavor: r-devel-linux-x86_64-debian-gcc