Last updated on 2024-05-21 02:02:05 CEST.
Flavor | Version | Tinstall | Tcheck | Ttotal | Status | Flags |
---|---|---|---|---|---|---|
r-devel-linux-x86_64-debian-clang | 0.2.3 | 109.91 | 60.41 | 170.32 | OK | |
r-devel-linux-x86_64-debian-gcc | 0.2.3 | 80.68 | 23.14 | 103.82 | OK | |
r-devel-linux-x86_64-fedora-gcc | 0.2.3 | 240.53 | OK | |||
r-devel-windows-x86_64 | 0.2.3 | 93.00 | 127.00 | 220.00 | NOTE | |
r-patched-linux-x86_64 | 0.2.3 | 108.69 | 29.23 | 137.92 | OK | |
r-release-linux-x86_64 | 0.2.3 | 101.05 | 29.45 | 130.50 | OK | |
r-release-macos-arm64 | 0.2.3 | 49.00 | NOTE | |||
r-release-windows-x86_64 | 0.2.3 | 96.00 | 126.00 | 222.00 | NOTE | |
r-oldrel-macos-arm64 | 0.2.3 | 54.00 | NOTE | |||
r-oldrel-macos-x86_64 | 0.2.3 | 77.00 | NOTE | |||
r-oldrel-windows-x86_64 | 0.2.3 | 102.00 | 140.00 | 242.00 | NOTE |
Version: 0.2.3
Check: installed package size
Result: NOTE
installed size is 21.6Mb
sub-directories of 1Mb or more:
libs 10.5Mb
share 10.2Mb
Flavors: r-devel-windows-x86_64, r-release-macos-arm64, r-release-windows-x86_64, r-oldrel-macos-arm64, r-oldrel-macos-x86_64, r-oldrel-windows-x86_64