Last updated on 2025-02-20 01:50:35 CET.
Flavor | Version | Tinstall | Tcheck | Ttotal | Status | Flags |
---|---|---|---|---|---|---|
r-devel-linux-x86_64-debian-clang | 1.0.2 | 461.69 | 164.87 | 626.56 | NOTE | |
r-devel-linux-x86_64-debian-gcc | 1.0.2 | 447.86 | 118.04 | 565.90 | NOTE | |
r-devel-linux-x86_64-fedora-clang | 1.0.2 | 1043.05 | NOTE | |||
r-devel-linux-x86_64-fedora-gcc | 1.0.2 | 1492.08 | NOTE | |||
r-devel-macos-arm64 | 1.0.2 | 197.00 | OK | |||
r-devel-macos-x86_64 | 1.0.2 | 383.00 | OK | |||
r-devel-windows-x86_64 | 1.0.2 | 553.00 | 263.00 | 816.00 | OK | |
r-patched-linux-x86_64 | 1.0.2 | 653.48 | 164.05 | 817.53 | OK | |
r-release-linux-x86_64 | 1.0.2 | 644.69 | 159.62 | 804.31 | OK | |
r-release-macos-arm64 | 1.0.2 | 202.00 | NOTE | |||
r-release-macos-x86_64 | 1.0.2 | 272.00 | NOTE | |||
r-release-windows-x86_64 | 1.0.2 | 552.00 | 259.00 | 811.00 | NOTE | |
r-oldrel-macos-arm64 | 1.0.2 | 201.00 | NOTE | |||
r-oldrel-macos-x86_64 | 1.0.2 | 384.00 | NOTE | |||
r-oldrel-windows-x86_64 | 1.0.2 | 694.00 | 312.00 | 1006.00 | WARN |
Version: 1.0.2
Check: top-level files
Result: NOTE
possible bashism in configure.ac line 53 (should be 'b = a'):
if test "$HAVE_LIBX11" == TRUE; then
possible bashism in configure.ac line 86 (should be 'b = a'):
if test "$HAVE_FFTW" == TRUE; then
Flavors: r-devel-linux-x86_64-debian-clang, r-devel-linux-x86_64-debian-gcc, r-devel-linux-x86_64-fedora-clang, r-devel-linux-x86_64-fedora-gcc
Version: 1.0.2
Check: installed package size
Result: NOTE
installed size is 33.0Mb
sub-directories of 1Mb or more:
data 1.4Mb
doc 3.7Mb
extdata 1.0Mb
include 3.3Mb
libs 22.9Mb
Flavors: r-release-macos-arm64, r-release-macos-x86_64, r-release-windows-x86_64, r-oldrel-macos-arm64, r-oldrel-macos-x86_64, r-oldrel-windows-x86_64
Version: 1.0.2
Check: whether package can be installed
Result: WARN
Found the following significant warnings:
D:/rtools43/usr/lib/mxe/usr/x86_64-w64-mingw32.static.posix/include/winnt.h:8404:37: warning: ISO C++ forbids flexible array member 'Elements' [-Wpedantic]
D:/rtools43/usr/lib/mxe/usr/x86_64-w64-mingw32.static.posix/include/winnt.h:8667:22: warning: ISO C++ forbids flexible array member 'pEventLogRecords' [-Wpedantic]
D:/rtools43/usr/lib/mxe/usr/x86_64-w64-mingw32.static.posix/include/winnt.h:8673:13: warning: ISO C++ forbids flexible array member 'ulOffsets' [-Wpedantic]
D:/rtools43/usr/lib/mxe/usr/x86_64-w64-mingw32.static.posix/include/rpcndr.h:447:19: warning: ISO C++ forbids flexible array member 'Format' [-Wpedantic]
D:/rtools43/usr/lib/mxe/usr/x86_64-w64-mingw32.static.posix/include/oaidl.h:548:37: warning: ISO C++ prohibits anonymous structs [-Wpedantic]
D:/rtools43/usr/lib/mxe/usr/x86_64-w64-mingw32.static.posix/include/oaidl.h:499:29: warning: ISO C++ prohibits anonymous structs [-Wpedantic]
See 'd:/Rcompile/CRANpkg/local/4.3/imager.Rcheck/00install.out' for details.
* used C++ compiler: 'g++.exe (GCC) 12.3.0'
Flavor: r-oldrel-windows-x86_64