Last updated on 2025-10-25 01:51:03 CEST.
| Flavor | Version | Tinstall | Tcheck | Ttotal | Status | Flags |
|---|---|---|---|---|---|---|
| r-devel-linux-x86_64-debian-clang | 2.2 | 3.51 | 44.12 | 47.63 | NOTE | |
| r-devel-linux-x86_64-debian-gcc | 2.2 | 3.09 | 33.54 | 36.63 | NOTE | |
| r-devel-linux-x86_64-fedora-clang | 2.2 | 11.00 | 63.15 | 74.15 | OK | |
| r-devel-linux-x86_64-fedora-gcc | 2.2 | 69.16 | OK | |||
| r-devel-windows-x86_64 | 2.2 | 6.00 | 65.00 | 71.00 | OK | |
| r-patched-linux-x86_64 | 2.2 | 3.75 | 41.83 | 45.58 | OK | |
| r-release-linux-x86_64 | 2.2 | 4.09 | 41.93 | 46.02 | OK | |
| r-release-macos-arm64 | 2.2 | 3.00 | 29.00 | 32.00 | OK | |
| r-release-macos-x86_64 | 2.2 | 4.00 | 48.00 | 52.00 | OK | |
| r-release-windows-x86_64 | 2.2 | 6.00 | 67.00 | 73.00 | OK | |
| r-oldrel-macos-arm64 | 2.2 | 2.00 | 22.00 | 24.00 | OK | |
| r-oldrel-macos-x86_64 | 2.2 | 3.00 | 35.00 | 38.00 | OK | |
| r-oldrel-windows-x86_64 | 2.2 | 8.00 | 78.00 | 86.00 | OK |
Version: 2.2
Check: CRAN incoming feasibility
Result: NOTE
Maintainer: ‘Steffen Moritz <steffen.moritz10@gmail.com>’
Package CITATION file contains call(s) to old-style personList() or
as.personList(). Please use c() on person objects instead.
Flavors: r-devel-linux-x86_64-debian-clang, r-devel-linux-x86_64-debian-gcc