Last updated on 2025-05-07 01:49:59 CEST.
Flavor | Version | Tinstall | Tcheck | Ttotal | Status | Flags |
---|---|---|---|---|---|---|
r-devel-linux-x86_64-debian-clang | 0.7.5 | 17.68 | 145.77 | 163.45 | NOTE | |
r-devel-linux-x86_64-debian-gcc | 0.7.5 | 12.25 | 99.96 | 112.21 | NOTE | |
r-devel-linux-x86_64-fedora-clang | 0.7.5 | 265.23 | NOTE | |||
r-devel-linux-x86_64-fedora-gcc | 0.7.5 | 239.69 | NOTE | |||
r-devel-windows-x86_64 | 0.7.5 | 20.00 | 144.00 | 164.00 | NOTE | |
r-patched-linux-x86_64 | 0.7.5 | 18.49 | 134.87 | 153.36 | NOTE | |
r-release-linux-x86_64 | 0.7.5 | 17.78 | 131.73 | 149.51 | NOTE | |
r-release-macos-arm64 | 0.7.5 | 70.00 | NOTE | |||
r-release-macos-x86_64 | 0.7.5 | 149.00 | OK | |||
r-release-windows-x86_64 | 0.7.5 | 17.00 | 144.00 | 161.00 | NOTE | |
r-oldrel-macos-arm64 | 0.7.5 | 64.00 | OK | |||
r-oldrel-macos-x86_64 | 0.7.5 | 124.00 | OK | |||
r-oldrel-windows-x86_64 | 0.7.5 | 24.00 | 185.00 | 209.00 | OK |
Version: 0.7.5
Check: DESCRIPTION meta-information
Result: NOTE
Missing dependency on R >= 4.1.0 because package code uses the pipe
|> or function shorthand \(...) syntax added in R 4.1.0.
File(s) using such syntax:
‘autoplot.restricted.Rd’ ‘autoplot.riskfactor.Rd’ ‘rating_factors.Rd’
Flavors: r-devel-linux-x86_64-debian-clang, r-devel-linux-x86_64-debian-gcc, r-devel-linux-x86_64-fedora-clang, r-devel-linux-x86_64-fedora-gcc, r-devel-windows-x86_64, r-patched-linux-x86_64, r-release-linux-x86_64, r-release-macos-arm64, r-release-windows-x86_64