Last updated on 2024-05-21 02:02:05 CEST.
Flavor | Version | Tinstall | Tcheck | Ttotal | Status | Flags |
---|---|---|---|---|---|---|
r-devel-linux-x86_64-debian-clang | 0.2.0 | 2.81 | 48.37 | 51.18 | NOTE | |
r-devel-linux-x86_64-debian-gcc | 0.2.0 | 2.11 | 37.32 | 39.43 | NOTE | |
r-devel-linux-x86_64-fedora-clang | 0.2.0 | 66.21 | NOTE | |||
r-devel-linux-x86_64-fedora-gcc | 0.2.0 | 78.13 | NOTE | |||
r-devel-windows-x86_64 | 0.2.0 | 4.00 | 63.00 | 67.00 | NOTE | |
r-patched-linux-x86_64 | 0.2.0 | 1.92 | 46.01 | 47.93 | NOTE | |
r-release-linux-x86_64 | 0.2.0 | 2.02 | 45.81 | 47.83 | NOTE | |
r-release-macos-arm64 | 0.2.0 | 29.00 | NOTE | |||
r-release-windows-x86_64 | 0.2.0 | 3.00 | 61.00 | 64.00 | NOTE | |
r-oldrel-macos-arm64 | 0.2.0 | 31.00 | OK | |||
r-oldrel-macos-x86_64 | 0.2.0 | 40.00 | OK | |||
r-oldrel-windows-x86_64 | 0.2.0 | 4.00 | 67.00 | 71.00 | OK |
Version: 0.2.0
Check: Rd files
Result: NOTE
checkRd: (-1) remit.Rd:32: Lost braces
32 | A data set to replicate the findings of Escrib\`{a}-Folch,
| ^
checkRd: (-1) remit.Rd:38: Lost braces
38 | Escrib\`{a}-Folch, A., Meseguer, C. and Wright, J. (2018), Remittances and Protest in Dictatorships. American Journal of Political Science, 62: 889-904. \doi{10.1111/ajps.12382}
| ^
Flavors: r-devel-linux-x86_64-debian-clang, r-devel-linux-x86_64-debian-gcc, r-devel-linux-x86_64-fedora-clang, r-devel-linux-x86_64-fedora-gcc, r-devel-windows-x86_64, r-patched-linux-x86_64, r-release-linux-x86_64, r-release-macos-arm64, r-release-windows-x86_64