Last updated on 2024-05-21 02:02:05 CEST.
Flavor | Version | Tinstall | Tcheck | Ttotal | Status | Flags |
---|---|---|---|---|---|---|
r-devel-linux-x86_64-debian-clang | 0.2.2 | 214.91 | 61.53 | 276.44 | NOTE | |
r-devel-linux-x86_64-debian-gcc | 0.2.2 | 186.84 | 44.59 | 231.43 | NOTE | |
r-devel-linux-x86_64-fedora-clang | 0.2.2 | 402.51 | NOTE | |||
r-devel-linux-x86_64-fedora-gcc | 0.2.2 | 453.85 | NOTE | |||
r-devel-windows-x86_64 | 0.2.2 | 167.00 | 92.00 | 259.00 | NOTE | |
r-patched-linux-x86_64 | 0.2.2 | 231.15 | 58.97 | 290.12 | NOTE | |
r-release-linux-x86_64 | 0.2.2 | 232.00 | 59.18 | 291.18 | NOTE | |
r-release-macos-arm64 | 0.2.2 | 81.00 | NOTE | |||
r-release-windows-x86_64 | 0.2.2 | 166.00 | 94.00 | 260.00 | NOTE | |
r-oldrel-macos-arm64 | 0.2.2 | 96.00 | NOTE | |||
r-oldrel-macos-x86_64 | 0.2.2 | 173.00 | NOTE | |||
r-oldrel-windows-x86_64 | 0.2.2 | 208.00 | 108.00 | 316.00 | NOTE |
Version: 0.2.2
Check: C++ specification
Result: NOTE
Specified C++11: please drop specification unless essential
Flavors: r-devel-linux-x86_64-debian-clang, r-devel-linux-x86_64-debian-gcc, r-devel-linux-x86_64-fedora-clang, r-devel-linux-x86_64-fedora-gcc, r-devel-windows-x86_64, r-patched-linux-x86_64, r-release-linux-x86_64, r-release-macos-arm64, r-release-windows-x86_64, r-oldrel-macos-arm64, r-oldrel-macos-x86_64, r-oldrel-windows-x86_64
Version: 0.2.2
Check: Rd files
Result: NOTE
checkRd: (-1) cox_cure_net.Rd:132: Lost braces
132 | \code{surv_lambda} (or code{cure_lambda}) that produces all-zero
| ^
Flavors: r-devel-linux-x86_64-debian-clang, r-devel-linux-x86_64-debian-gcc, r-devel-linux-x86_64-fedora-clang, r-devel-linux-x86_64-fedora-gcc, r-devel-windows-x86_64, r-patched-linux-x86_64, r-release-linux-x86_64, r-release-macos-arm64, r-release-windows-x86_64
Version: 0.2.2
Check: LazyData
Result: NOTE
'LazyData' is specified without a 'data' directory
Flavors: r-devel-linux-x86_64-debian-clang, r-devel-linux-x86_64-debian-gcc, r-devel-linux-x86_64-fedora-clang, r-devel-linux-x86_64-fedora-gcc, r-devel-windows-x86_64, r-patched-linux-x86_64, r-release-linux-x86_64, r-release-macos-arm64, r-release-windows-x86_64, r-oldrel-macos-arm64, r-oldrel-macos-x86_64, r-oldrel-windows-x86_64
Version: 0.2.2
Check: installed package size
Result: NOTE
installed size is 11.4Mb
sub-directories of 1Mb or more:
libs 10.7Mb
Flavors: r-release-macos-arm64, r-oldrel-macos-arm64, r-oldrel-macos-x86_64