CRAN Package Check Results for Package invertiforms

Last updated on 2025-05-08 01:51:06 CEST.

Flavor Version Tinstall Tcheck Ttotal Status Flags
r-devel-linux-x86_64-debian-clang 0.1.1 7.66 62.53 70.19 NOTE
r-devel-linux-x86_64-debian-gcc 0.1.1 4.77 45.78 50.55 NOTE
r-devel-linux-x86_64-fedora-clang 0.1.1 104.39 OK
r-devel-linux-x86_64-fedora-gcc 0.1.1 104.69 OK
r-devel-windows-x86_64 0.1.1 8.00 71.00 79.00 NOTE
r-patched-linux-x86_64 0.1.1 7.53 58.31 65.84 NOTE
r-release-linux-x86_64 0.1.1 6.77 57.28 64.05 NOTE
r-release-macos-arm64 0.1.1 37.00 OK
r-release-macos-x86_64 0.1.1 63.00 OK
r-release-windows-x86_64 0.1.1 8.00 74.00 82.00 NOTE
r-oldrel-macos-arm64 0.1.1 30.00 OK
r-oldrel-macos-x86_64 0.1.1 46.00 OK
r-oldrel-windows-x86_64 0.1.1 11.00 90.00 101.00 OK

Check Details

Version: 0.1.1
Check: Rd cross-references
Result: NOTE Found the following Rd file(s) with Rd \link{} targets missing package anchors: NormalizedLaplacian.Rd: Matrix-class PerturbedLaplacian.Rd: Matrix-class RegularizedLaplacian.Rd: Matrix-class Please provide package anchors for all Rd \link{} targets not in the package itself and the base packages. Flavors: r-devel-linux-x86_64-debian-clang, r-devel-linux-x86_64-debian-gcc, r-devel-windows-x86_64, r-patched-linux-x86_64, r-release-linux-x86_64, r-release-windows-x86_64