Last updated on 2025-10-25 01:51:03 CEST.
| Flavor | Version | Tinstall | Tcheck | Ttotal | Status | Flags |
|---|---|---|---|---|---|---|
| r-devel-linux-x86_64-debian-clang | 0.0.13 | 10.91 | 197.91 | 208.82 | NOTE | |
| r-devel-linux-x86_64-debian-gcc | 0.0.13 | 8.55 | 141.28 | 149.83 | NOTE | |
| r-devel-linux-x86_64-fedora-clang | 0.0.13 | 37.00 | 276.02 | 313.02 | OK | |
| r-devel-linux-x86_64-fedora-gcc | 0.0.13 | 61.00 | 282.02 | 343.02 | NOTE | |
| r-devel-windows-x86_64 | 0.0.13 | 13.00 | 169.00 | 182.00 | OK | |
| r-patched-linux-x86_64 | 0.0.13 | 13.15 | 184.71 | 197.86 | OK | |
| r-release-linux-x86_64 | 0.0.13 | 11.32 | 182.86 | 194.18 | OK | |
| r-release-macos-arm64 | 0.0.13 | 5.00 | 74.00 | 79.00 | OK | |
| r-release-macos-x86_64 | 0.0.13 | 8.00 | 154.00 | 162.00 | OK | |
| r-release-windows-x86_64 | 0.0.13 | 16.00 | 172.00 | 188.00 | OK | |
| r-oldrel-macos-arm64 | 0.0.13 | 4.00 | 78.00 | 82.00 | OK | |
| r-oldrel-macos-x86_64 | 0.0.13 | 8.00 | 154.00 | 162.00 | OK | |
| r-oldrel-windows-x86_64 | 0.0.13 | 19.00 | 217.00 | 236.00 | OK |
Version: 0.0.13
Check: Rd files
Result: NOTE
checkRd: (-1) calc_clint_point.Rd:71-74: Only 5 columns allowed in this table (row 1 has 2)
checkRd: (-1) calc_clint_point.Rd:71-74: Only 5 columns allowed in this table (row 2 has 2)
checkRd: (-1) calc_fup_red.Rd:123-130: Only 5 columns allowed in this table (row 1 has 2)
checkRd: (-1) calc_fup_red.Rd:123-130: Only 5 columns allowed in this table (row 2 has 2)
checkRd: (-1) calc_fup_red.Rd:123-130: Only 5 columns allowed in this table (row 3 has 2)
checkRd: (-1) calc_fup_red.Rd:123-130: Only 5 columns allowed in this table (row 4 has 2)
checkRd: (-1) calc_fup_red.Rd:123-130: Only 5 columns allowed in this table (row 5 has 2)
checkRd: (-1) calc_fup_red.Rd:123-130: Only 5 columns allowed in this table (row 6 has 2)
checkRd: (-1) calc_fup_red_point.Rd:73-79: Only 5 columns allowed in this table (row 1 has 2)
checkRd: (-1) calc_fup_red_point.Rd:73-79: Only 5 columns allowed in this table (row 2 has 2)
checkRd: (-1) calc_fup_red_point.Rd:73-79: Only 5 columns allowed in this table (row 3 has 2)
checkRd: (-1) calc_fup_red_point.Rd:73-79: Only 5 columns allowed in this table (row 4 has 2)
checkRd: (-1) calc_fup_red_point.Rd:73-79: Only 5 columns allowed in this table (row 5 has 2)
checkRd: (-1) calc_fup_uc.Rd:131-136: Only 5 columns allowed in this table (row 1 has 2)
checkRd: (-1) calc_fup_uc.Rd:131-136: Only 5 columns allowed in this table (row 2 has 2)
checkRd: (-1) calc_fup_uc.Rd:131-136: Only 5 columns allowed in this table (row 3 has 2)
checkRd: (-1) calc_fup_uc.Rd:131-136: Only 5 columns allowed in this table (row 4 has 2)
checkRd: (-1) calc_fup_uc_point.Rd:73-78: Only 5 columns allowed in this table (row 1 has 2)
checkRd: (-1) calc_fup_uc_point.Rd:73-78: Only 5 columns allowed in this table (row 2 has 2)
checkRd: (-1) calc_fup_uc_point.Rd:73-78: Only 5 columns allowed in this table (row 3 has 2)
checkRd: (-1) calc_fup_uc_point.Rd:73-78: Only 5 columns allowed in this table (row 4 has 2)
checkRd: (-1) extract_level1_fup_uc.Rd:98-103: Only 5 columns allowed in this table (row 1 has 2)
checkRd: (-1) extract_level1_fup_uc.Rd:98-103: Only 5 columns allowed in this table (row 2 has 2)
checkRd: (-1) extract_level1_fup_uc.Rd:98-103: Only 5 columns allowed in this table (row 3 has 2)
checkRd: (-1) extract_level1_fup_uc.Rd:98-103: Only 5 columns allowed in this table (row 4 has 2)
checkRd: (-1) format_clint.Rd:281-286: Only 5 columns allowed in this table (row 1 has 2)
checkRd: (-1) format_clint.Rd:281-286: Only 5 columns allowed in this table (row 2 has 2)
checkRd: (-1) format_clint.Rd:281-286: Only 5 columns allowed in this table (row 3 has 2)
checkRd: (-1) format_clint.Rd:281-286: Only 5 columns allowed in this table (row 4 has 2)
checkRd: (-1) format_fup_red.Rd:278-288: Only 5 columns allowed in this table (row 1 has 2)
checkRd: (-1) format_fup_red.Rd:278-288: Only 5 columns allowed in this table (row 2 has 2)
checkRd: (-1) format_fup_red.Rd:278-288: Only 5 columns allowed in this table (row 3 has 2)
checkRd: (-1) format_fup_red.Rd:278-288: Only 5 columns allowed in this table (row 4 has 2)
checkRd: (-1) format_fup_red.Rd:278-288: Only 5 columns allowed in this table (row 5 has 2)
checkRd: (-1) format_fup_red.Rd:278-288: Only 5 columns allowed in this table (row 6 has 2)
checkRd: (-1) format_fup_red.Rd:278-288: Only 5 columns allowed in this table (row 7 has 2)
checkRd: (-1) format_fup_red.Rd:278-288: Only 5 columns allowed in this table (row 8 has 2)
checkRd: (-1) format_fup_red.Rd:278-288: Only 5 columns allowed in this table (row 9 has 2)
checkRd: (-1) format_fup_uc.Rd:262-267: Only 5 columns allowed in this table (row 1 has 2)
checkRd: (-1) format_fup_uc.Rd:262-267: Only 5 columns allowed in this table (row 2 has 2)
checkRd: (-1) format_fup_uc.Rd:262-267: Only 5 columns allowed in this table (row 3 has 2)
checkRd: (-1) format_fup_uc.Rd:262-267: Only 5 columns allowed in this table (row 4 has 2)
checkRd: (-1) summarize_table.Rd:65-70: Only 5 columns allowed in this table (row 1 has 2)
checkRd: (-1) summarize_table.Rd:65-70: Only 5 columns allowed in this table (row 2 has 2)
checkRd: (-1) summarize_table.Rd:65-70: Only 5 columns allowed in this table (row 3 has 2)
checkRd: (-1) summarize_table.Rd:65-70: Only 5 columns allowed in this table (row 4 has 2)
checkRd: (-1) summarize_table.Rd:74-84: Only 5 columns allowed in this table (row 1 has 2)
checkRd: (-1) summarize_table.Rd:74-84: Only 5 columns allowed in this table (row 2 has 2)
checkRd: (-1) summarize_table.Rd:74-84: Only 5 columns allowed in this table (row 3 has 2)
checkRd: (-1) summarize_table.Rd:74-84: Only 5 columns allowed in this table (row 4 has 2)
checkRd: (-1) summarize_table.Rd:74-84: Only 5 columns allowed in this table (row 5 has 2)
checkRd: (-1) summarize_table.Rd:74-84: Only 5 columns allowed in this table (row 6 has 2)
checkRd: (-1) summarize_table.Rd:74-84: Only 5 columns allowed in this table (row 7 has 2)
checkRd: (-1) summarize_table.Rd:74-84: Only 5 columns allowed in this table (row 8 has 2)
checkRd: (-1) summarize_table.Rd:74-84: Only 5 columns allowed in this table (row 9 has 2)
checkRd: (-1) summarize_table.Rd:87-92: Only 5 columns allowed in this table (row 1 has 2)
checkRd: (-1) summarize_table.Rd:87-92: Only 5 columns allowed in this table (row 2 has 2)
checkRd: (-1) summarize_table.Rd:87-92: Only 5 columns allowed in this table (row 3 has 2)
checkRd: (-1) summarize_table.Rd:87-92: Only 5 columns allowed in this table (row 4 has 2)
Flavors: r-devel-linux-x86_64-debian-clang, r-devel-linux-x86_64-debian-gcc, r-devel-linux-x86_64-fedora-gcc