Last updated on 2024-05-21 02:02:05 CEST.
Flavor | Version | Tinstall | Tcheck | Ttotal | Status | Flags |
---|---|---|---|---|---|---|
r-devel-linux-x86_64-debian-clang | 0.0.7 | 51.09 | 465.53 | 516.62 | NOTE | |
r-devel-linux-x86_64-debian-gcc | 0.0.7 | 37.65 | 327.84 | 365.49 | NOTE | |
r-devel-linux-x86_64-fedora-clang | 0.0.7 | 618.92 | NOTE | |||
r-devel-linux-x86_64-fedora-gcc | 0.0.7 | 622.03 | NOTE | |||
r-devel-windows-x86_64 | 0.0.7 | 40.00 | 243.00 | 283.00 | NOTE | |
r-patched-linux-x86_64 | 0.0.7 | 52.51 | 436.06 | 488.57 | NOTE | |
r-release-linux-x86_64 | 0.0.7 | 52.08 | 452.42 | 504.50 | NOTE | |
r-release-macos-arm64 | 0.0.7 | 113.00 | NOTE | |||
r-release-windows-x86_64 | 0.0.7 | 41.00 | 245.00 | 286.00 | NOTE | |
r-oldrel-macos-arm64 | 0.0.7 | 181.00 | OK | |||
r-oldrel-macos-x86_64 | 0.0.7 | 328.00 | OK | |||
r-oldrel-windows-x86_64 | 0.0.7 | 52.00 | 318.00 | 370.00 | OK |
Version: 0.0.7
Check: Rd files
Result: NOTE
checkRd: (-1) check_convergence.Rd:47: Lost braces
47 | \code{conv_plot}: code{ipm} invisibly.
| ^
checkRd: (-1) init_ipm.Rd:50-51: Lost braces in \itemize; meant \describe ?
checkRd: (-1) init_ipm.Rd:52-53: Lost braces in \itemize; meant \describe ?
checkRd: (-1) init_ipm.Rd:57: Lost braces in \itemize; meant \describe ?
checkRd: (-1) init_ipm.Rd:58: Lost braces in \itemize; meant \describe ?
checkRd: (-1) init_ipm.Rd:62: Lost braces in \itemize; meant \describe ?
checkRd: (-1) init_ipm.Rd:63-65: Lost braces in \itemize; meant \describe ?
checkRd: (-1) init_ipm.Rd:70-74: Lost braces in \itemize; meant \describe ?
checkRd: (-1) init_ipm.Rd:75-78: Lost braces in \itemize; meant \describe ?
checkRd: (-1) make_ipm.Rd:276: Lost braces in \itemize; \value handles \item{}{} directly
checkRd: (-1) make_ipm.Rd:277-281: Lost braces in \itemize; \value handles \item{}{} directly
checkRd: (-1) make_ipm.Rd:282-286: Lost braces in \itemize; \value handles \item{}{} directly
checkRd: (-1) make_ipm.Rd:287-291: Lost braces in \itemize; \value handles \item{}{} directly
checkRd: (-1) make_ipm.Rd:292-293: Lost braces in \itemize; \value handles \item{}{} directly
Flavors: r-devel-linux-x86_64-debian-clang, r-devel-linux-x86_64-debian-gcc, r-devel-linux-x86_64-fedora-clang, r-devel-linux-x86_64-fedora-gcc, r-devel-windows-x86_64, r-patched-linux-x86_64, r-release-linux-x86_64, r-release-macos-arm64, r-release-windows-x86_64
Version: 0.0.7
Check: Rd cross-references
Result: NOTE
Undeclared package ‘Rpadrino’ in Rd xrefs
Flavor: r-devel-linux-x86_64-fedora-clang