Last updated on 2024-05-21 02:02:05 CEST.
Flavor | Version | Tinstall | Tcheck | Ttotal | Status | Flags |
---|---|---|---|---|---|---|
r-devel-linux-x86_64-debian-clang | 1.9.12 | 27.58 | 41.45 | 69.03 | OK | |
r-devel-linux-x86_64-debian-gcc | 1.9.12 | 24.84 | 31.84 | 56.68 | OK | |
r-devel-linux-x86_64-fedora-clang | 1.9.12 | 92.33 | OK | |||
r-devel-linux-x86_64-fedora-gcc | 1.9.12 | 108.53 | OK | |||
r-devel-windows-x86_64 | 1.9.12 | 23.00 | 81.00 | 104.00 | OK | |
r-patched-linux-x86_64 | 1.9.12 | 27.93 | 40.93 | 68.86 | OK | |
r-release-linux-x86_64 | 1.9.12 | 25.60 | 40.75 | 66.35 | OK | |
r-release-macos-arm64 | 1.9.12 | 33.00 | NOTE | |||
r-release-windows-x86_64 | 1.9.12 | 25.00 | 77.00 | 102.00 | OK | |
r-oldrel-macos-arm64 | 1.9.12 | 54.00 | NOTE | |||
r-oldrel-macos-x86_64 | 1.9.12 | 122.00 | NOTE | |||
r-oldrel-windows-x86_64 | 1.9.12 | 29.00 | 91.00 | 120.00 | OK |
Version: 1.9.12
Check: installed package size
Result: NOTE
installed size is 7.0Mb
sub-directories of 1Mb or more:
libs 6.5Mb
Flavors: r-release-macos-arm64, r-oldrel-macos-arm64, r-oldrel-macos-x86_64