Last updated on 2025-05-01 01:49:35 CEST.
Flavor | Version | Tinstall | Tcheck | Ttotal | Status | Flags |
---|---|---|---|---|---|---|
r-devel-linux-x86_64-debian-clang | 0.2.9 | 134.04 | 179.91 | 313.95 | NOTE | |
r-devel-linux-x86_64-debian-gcc | 0.2.9 | 105.17 | 115.50 | 220.67 | OK | |
r-devel-linux-x86_64-fedora-clang | 0.2.9 | 532.09 | OK | |||
r-devel-linux-x86_64-fedora-gcc | 0.2.9 | 573.57 | OK | |||
r-devel-windows-x86_64 | 0.2.9 | 142.00 | 216.00 | 358.00 | OK | |
r-patched-linux-x86_64 | 0.2.9 | 153.26 | 169.61 | 322.87 | OK | |
r-release-linux-x86_64 | 0.2.9 | 148.40 | 169.24 | 317.64 | OK | |
r-release-macos-arm64 | 0.2.9 | 115.00 | OK | |||
r-release-macos-x86_64 | 0.2.9 | 202.00 | OK | |||
r-release-windows-x86_64 | 0.2.9 | 143.00 | 224.00 | 367.00 | OK | |
r-oldrel-macos-arm64 | 0.2.9 | 117.00 | NOTE | |||
r-oldrel-macos-x86_64 | 0.2.9 | 160.00 | NOTE | |||
r-oldrel-windows-x86_64 | 0.2.9 | 127.00 | 282.00 | 409.00 | OK |
Version: 0.2.9
Check: examples
Result: NOTE
Examples with CPU (user + system) or elapsed time > 5s
user system elapsed
qip_index 6.389 0.046 8.797
plot_empirical_icc2 4.520 0.011 5.116
Flavor: r-devel-linux-x86_64-debian-clang
Version: 0.2.9
Check: installed package size
Result: NOTE
installed size is 9.8Mb
sub-directories of 1Mb or more:
libs 8.1Mb
Flavors: r-oldrel-macos-arm64, r-oldrel-macos-x86_64